{"id":4,"date":"2020-11-13T09:19:48","date_gmt":"2020-11-13T08:19:48","guid":{"rendered":"https:\/\/erfolgsfaktor.de\/mitarbeitergespraech\/?page_id=4"},"modified":"2020-11-13T14:09:16","modified_gmt":"2020-11-13T13:09:16","slug":"impressum-datenschutz","status":"publish","type":"page","link":"https:\/\/erfolgsfaktor.de\/mitarbeitergespraech\/impressum-datenschutz\/","title":{"rendered":"Impressum + Datenschutz"},"content":{"rendered":"\n<p><strong>Mitarbeitergespr\u00e4ch<\/strong> ist ein Angebot auf: <strong>erfolgsfaktor.de <\/strong><br>Dipl.-Psych. J\u00fcrgen Junker<br>Goethestr.27<br>D-63739 Aschaffenburg<br>Tel. 0 60 21 &#8211; 2 06 67 <br>Email: <a href=\"mailto:j.junker@erfolgsfaktor.de\">j.junker@erfolgsfaktor.de<\/a><\/p>\n\n\n\n<p><strong>Angaben gem\u00e4\u00df TDG \u00a75\/\u00a76<\/strong>:<br>Umsatzsteuer-Identifikationsnummer EU-VAT-No: DE-197179105<br>Dipl.-Psych.: Diplom in Psychologie TH Darmstadt, Deutschland  <\/p>\n\n\n\n<p>Verantwortlich im Sinne des Presserechts und gem\u00e4\u00df<br>\u00a7\u00a7 6 TDG, 10 MDStV:<br>Dipl.-Psych. J\u00fcrgen Junker<br>Goethestr.27<br>D-63739 Aschaffenburg<br>Tel. 0 60 21 &#8211; 2 06 75 <\/p>\n\n\n\n<p>Wir haben bei der Erstellung der Webseite mit gro\u00dfer Sorgfalt gearbeitet. Dennoch k\u00f6nnen wir f\u00fcr die Richtigkeit, Vollst\u00e4ndigkeit und Aktualit\u00e4t der Inhalte keine Gew\u00e4hr \u00fcbernehmen. Wir sind gem\u00e4\u00df \u00a7 7 Abs.1 TMG als Diensteanbieter f\u00fcr eigene Inhalte auf unseren Webseiten nach den allgemeinen Gesetzen verantwortlich. Wir sind jedoch entsprechend \u00a7 8 bis 10 TMG nicht verpflichtet, \u00fcbermittelte oder gespeicherte fremde Informationen zu \u00fcberwachen bzw. nachzuforschen, ob Hinweise auf rechtswidriges Verhalten besteht.  Jedoch bleiben die gesetzliche Verpflichtungen zur Entfernung oder Sperrung der Nutzung von Infos nach den allgemeinen&nbsp;Gesetzen davon unber\u00fchrt. Es besteht von unserer Seite daf\u00fcr erst eine Haftung ab dem Zeitpunkt der Kenntnis einer entsprechenden Rechtsverletzung. Sofern entsprechende Rechtsverletzungen bestehen, entfernen wir diese Inhalte umgehend. <\/p>\n\n\n\n<p>Bei Links zu externen Webseiten Dritter, haben wir auf deren Inhalte keinen Einfluss. Daher \u00fcbernehmen wir f\u00fcr diese fremden Inhalte auch keine Gew\u00e4hr. Inhalte verlinkter Seiten unterliegen der Gew\u00e4hr des Anbieters der Seiten. Verlinkungen wurden beim Verlinken \u00fcberpr\u00fcft ohne dass rechtswidrige Inhalte erkennbar waren. Wir k\u00f6nnen jedoch keine permanente inhaltliche Kontrolle verlinkter Seiten leisten. Sofern Rechtsverletzungen durch verlinkte Seiten bestehen, werden wir diese Links entfernen. <\/p>\n\n\n\n<h2 class=\"wp-block-heading\"><strong>Datenschutzerkl\u00e4rung<\/strong><\/h2>\n\n\n\n<hr class=\"wp-block-separator\"\/>\n\n\n\n<p>Wir freuen uns \u00fcber Ihr Interesse an unseren Seminaren und Vortr\u00e4gen und \u00fcber den Besuch unserer Webseiten. Wir nehmen den Schutz Ihrer pers\u00f6nlichen Daten sehr ernst und bei der Erhebung, Verarbeitung und Nutzung personenbezogener Daten beachten wir das f\u00fcr Deutschland geltende Datenschutzrecht.<\/p>\n\n\n\n<p>Im Folgenden erfahren Sie, wie wir auf unserer Homepage Daten erheben, wie wir damit umgehen und wem wir sie gegebenenfalls zur Verf\u00fcgung stellen.<br>\ufeff<\/p>\n\n\n\n<p><strong>Anonyme Nutzerdaten und Server-Logfiles<\/strong>: Beim Besuch unserer Seite werden anonyme Nutzerdaten erhoben und analysiert. Diese Daten erlauben keine R\u00fcckschl\u00fcsse auf Ihre Person. Diese Daten helfen uns unsere Webseite aufrechtzuerhalten, dienen der technischen Administration der Homepage und unterst\u00fctzen uns bei der Optimierung unseres Internetangebots. Diese sogenannten Server-Logfiles beinhalten anonymisiert die Zugriffe auf die jeweilige Webseite, das Datum und die Uhrzeit des Zugriffes, die Menge der gesendeten Daten in Byte, die Quelle Verweis, von welchem Sie auf die Seite gelangten, den verwendeten Browser, Betriebssystem, IP-Adresse. Die so erhobenen Daten dienen lediglich statistischen Auswertungen und zur Verbesserung der Website.<\/p>\n\n\n\n<p><br><strong>Cookies werden von unserer Webseite verwendet<\/strong><\/p>\n\n\n\n<p>Cookies sind kleine Textdateien die entweder vor\u00fcbergehend f\u00fcr die Dauer einer Sitzung als sog. Session-Cookies oder als permanente Cookies auf Ihrem Endger\u00e4t gespeichert. Die sog. Session-Cookies werden automatisch nach dem Ende der Session bzw. Ihres Webseitenbesuchs gel\u00f6scht. Permanente Cookies werden auf Ihrem Endger\u00e4t gespeichert bis Sie diese selbst l\u00f6schen&nbsp;bzw. Ihr Internetbrowser diese je nach Einstellung automatisch l\u00f6scht.<\/p>\n\n\n\n<p>Cookies sind z.T. technisch notwendig f\u00fcr Webseiten, da sonst bestimmte Funktionen ohne diese nicht funktionieren w\u00fcrden wie z.B. Warenkorb oder manche Blog Kommentarfunktion.<\/p>\n\n\n\n<p>Cookies, die f\u00fcr den elektronischen Kommunikationsvorgang oder andere von Ihnen gew\u00e4hlten Funktionen wie z.B. Bestellung n\u00f6tig sind, werden entsprechend Art. 6 Abs. 1 lit. f DSGVO gespeichert. Das berechtigte Interesse zur Speicherung von Cookies ergibt sich \u00fcber die technisch fehlerfreie und optimierte Bereitstellung unserer Dienste. Sofern Sie eine entsprechende Einwilligung in die Speicherung von Cookies \u00fcber einer Abfrage zugestimmt haben ist die Grundlage Art. 6 Abs. 1 lit. a DSGVO; Ihre Einwilligung ist jederzeit widerrufbar.<\/p>\n\n\n\n<p>Sie k\u00f6nnen Ihren Browser so einstellen, dass Sie \u00fcber das Setzen von Cookies informiert werden und Cookies nur im Einzelfall erlauben, die Annahme von Cookies f\u00fcr bestimmte F\u00e4lle oder generell ausschlie\u00dfen sowie das automatische L\u00f6schen der Cookies beim Schlie\u00dfen des Browsers aktivieren. Bei der Deaktivierung von Cookies kann die Funktionalit\u00e4t dieser Website eingeschr\u00e4nkt sein.<\/p>\n\n\n\n<p>Soweit Cookies von Drittunternehmen oder zu Analysezwecken eingesetzt werden, werden wir Sie hier\u00fcber im Rahmen dieser Datenschutzerkl\u00e4rung gesondert informieren und ggf. eine Einwilligung abfragen.<\/p>\n\n\n\n<p><br><br><strong>Personenbezogene Daten erheben wir nur, wenn Sie uns diese freiwillig mitteilen<\/strong>:<\/p>\n\n\n\n<ul class=\"wp-block-list\"><li>bei einer Anfrage f\u00fcr eine Beratung oder f\u00fcr Anfragen von Unterlagen<\/li><li>bei Terminbuchungen, Anfragen und Buchungen von Gruppenterminen oder Online-Beratungen<\/li><li>bei algemeinen Infofanfragen \/ Kontaktaufnahme<\/li><\/ul>\n\n\n\n<p>Wir nutzen personenbezogene Daten rein zur Beantwortung Ihrer Anfragen und zur Abwicklung des Vertrags. Dabei handelt es sich um folgende personenbezogene Daten: Name, Vorname, E-Mail-Adresse, Telefonnummer, Firmierung und dazugeh\u00f6rige Adresse sowie evtl. notwendige Bestell- oder Buchungsvorgaben von Ihrer Seite (SAP-Kennziffern, etc.).<\/p>\n\n\n\n<p>Eine Weitergabe Ihrer angegebenen Daten an Dritte findet nur statt sofern Ihre Anmeldung und die Bestellung von Ihrer Seite \u00fcber Dritte beauftragt wurde und rein zur Abwicklung Ihrer Bestellung und des das damit verbundenen Vertrags z.B. Sie buchen unser Seminar \u00fcber einen externen Seminardienstleister oder Vermittler.<br>\ufeff<\/p>\n\n\n\n<p><strong>Beratung und im Gespr\u00e4ch selbst:<\/strong><\/p>\n\n\n\n<ul class=\"wp-block-list\"><li>Ihre Beratungsanliegen <strong>unterliegen der Schweigepflicht<\/strong><\/li><li>Ihre pers\u00f6nliche Situation, Problematik, Fragen\u2026&nbsp;<strong>sind defintiv vertraulich<\/strong><\/li><li>wir arbeiten <strong>ausschlie\u00dflich f\u00fcr unsere Klienten\/innen<\/strong><\/li><\/ul>\n\n\n\n<p>Wir nutzen alle Informationen rein f\u00fcr die Durchf\u00fchrung der Beratung bzw. das therapeutische Vorgehen. Wir geben keine Daten an Dritte weiter. Es sei denn Sie als Klient\/in haben einer Weitergabe explizit zugestimmt und diese mit uns gesondert vereinbart.<\/p>\n\n\n\n<p><strong>Newsletter und Werbung<\/strong><\/p>\n\n\n\n<p>Im Rahmen der gesetzlichen Vorschriften informieren wir unsere Kunden \u00fcber f\u00fcr Sie auf Grundlage Ihrer Buchung relevante Angebote und Dienstleistungen, hier nutzen wir entsprechend des gesetzlichen Rahmens personenbezogene Daten zum Zwecke eigener Werbung und zur bedarfsgerechten Gestaltung unseres Angebotes. Wenn Sie unsere informierenden Newsletter oder Werbe-E-Mails nicht mehr l\u00e4nger erhalten wollen, melden Sie sich entsprechend ab. Sie k\u00f6nnen der Erhebung, Verarbeitung und Nutzung Ihrer personenbezogenen Daten zum Zwecke der Werbung jederzeit durch eine formlose Mitteilung widersprechen oder Ihre gegebene Einwilligung widerrufen.<br><br><strong>Auskunftsrecht<\/strong><\/p>\n\n\n\n<p>Sie haben das&nbsp;<strong>Auskunftsrecht<\/strong>, sich unentgeltlich und zeitnah \u00fcber Ihre personenbezogenen Daten zu erkundigen. Bitte wenden Sie sich dazu an uns, die Kontaktdaten finden Sie in unserem Impressum.&nbsp; <\/p>\n\n\n\n<div class=\"wp-block-cover alignfull has-neve-link-color-background-color has-background-dim has-neve-link-color-background-color\"><div class=\"wp-block-cover__inner-container is-layout-flow wp-block-cover-is-layout-flow\">\n<h2 class=\"has-text-align-center has-accent-color has-background-background-color has-text-color has-background wp-block-heading\"><a href=\"https:\/\/www.mto-consulting.de\/Coaching.htm\" target=\"_blank\" rel=\"noreferrer noopener\">Alle Coachings auf<br>www.mto-consulting.de<\/a><\/h2>\n<\/div><\/div>\n\n\n\n<figure class=\"wp-block-image size-large\"><img decoding=\"async\" src=\"https:\/\/erfolgsfaktor.de\/coaching-geschaeftsfuehrer\/wp-content\/uploads\/sites\/5\/2020\/09\/Erfolgsfaktor-Psychologie.gif\" alt=\"Erfolgsfaktor Psychologie\" class=\"wp-image-49\"\/><figcaption>Zur\u00fcck zur Startseite<\/figcaption><\/figure>\n\n\n\n<div class=\"wp-block-buttons is-layout-flex wp-block-buttons-is-layout-flex\">\n<div class=\"wp-block-button\"><a class=\"wp-block-button__link\" href=\"https:\/\/erfolgsfaktor.de\/\">Zur\u00fcck zur Startseite<\/a><\/div>\n<\/div>\n","protected":false},"excerpt":{"rendered":"<p>Mitarbeitergespr\u00e4ch ist ein Angebot auf: erfolgsfaktor.de Dipl.-Psych. J\u00fcrgen JunkerGoethestr.27D-63739 AschaffenburgTel. 0 60 21 &#8211; 2 06 67 Email: j.junker@erfolgsfaktor.de Angaben gem\u00e4\u00df TDG \u00a75\/\u00a76:Umsatzsteuer-Identifikationsnummer EU-VAT-No: DE-197179105Dipl.-Psych.: Diplom in Psychologie TH Darmstadt, Deutschland Verantwortlich im Sinne des Presserechts und gem\u00e4\u00df\u00a7\u00a7 6 TDG, 10 MDStV:Dipl.-Psych. J\u00fcrgen JunkerGoethestr.27D-63739 AschaffenburgTel. 0 60 21 &#8211; 2 06 75 Wir haben bei&hellip;&nbsp;<a href=\"https:\/\/erfolgsfaktor.de\/mitarbeitergespraech\/impressum-datenschutz\/\" rel=\"bookmark\">Weiterlesen &raquo;<span class=\"screen-reader-text\">Impressum + Datenschutz<\/span><\/a><\/p>\n","protected":false},"author":1,"featured_media":0,"parent":0,"menu_order":0,"comment_status":"closed","ping_status":"closed","template":"","meta":{"neve_meta_sidebar":"","neve_meta_container":"","neve_meta_enable_content_width":"","neve_meta_content_width":0,"neve_meta_title_alignment":"","neve_meta_author_avatar":"","neve_post_elements_order":"","neve_meta_disable_header":"","neve_meta_disable_footer":"","neve_meta_disable_title":"","footnotes":""},"class_list":["post-4","page","type-page","status-publish","hentry"],"yoast_head":"<!-- This site is optimized with the Yoast SEO plugin v26.8 - https:\/\/yoast.com\/product\/yoast-seo-wordpress\/ -->\n<title>Impressum + Datenschutz - Mitarbeitergespr\u00e4ch<\/title>\n<meta name=\"robots\" content=\"index, follow, max-snippet:-1, max-image-preview:large, max-video-preview:-1\" \/>\n<link rel=\"canonical\" href=\"https:\/\/erfolgsfaktor.de\/mitarbeitergespraech\/impressum-datenschutz\/\" \/>\n<meta property=\"og:locale\" content=\"de_DE\" \/>\n<meta property=\"og:type\" content=\"article\" \/>\n<meta property=\"og:title\" content=\"Impressum + Datenschutz - Mitarbeitergespr\u00e4ch\" \/>\n<meta property=\"og:description\" content=\"Mitarbeitergespr\u00e4ch ist ein Angebot auf: erfolgsfaktor.de Dipl.-Psych. J\u00fcrgen JunkerGoethestr.27D-63739 AschaffenburgTel. 0 60 21 &#8211; 2 06 67 Email: j.junker@erfolgsfaktor.de Angaben gem\u00e4\u00df TDG \u00a75\/\u00a76:Umsatzsteuer-Identifikationsnummer EU-VAT-No: DE-197179105Dipl.-Psych.: Diplom in Psychologie TH Darmstadt, Deutschland Verantwortlich im Sinne des Presserechts und gem\u00e4\u00df\u00a7\u00a7 6 TDG, 10 MDStV:Dipl.-Psych. J\u00fcrgen JunkerGoethestr.27D-63739 AschaffenburgTel. 0 60 21 &#8211; 2 06 75 Wir haben bei&hellip;&nbsp;Weiterlesen &raquo;Impressum + Datenschutz\" \/>\n<meta property=\"og:url\" content=\"https:\/\/erfolgsfaktor.de\/mitarbeitergespraech\/impressum-datenschutz\/\" \/>\n<meta property=\"og:site_name\" content=\"Mitarbeitergespr\u00e4ch\" \/>\n<meta property=\"article:modified_time\" content=\"2020-11-13T13:09:16+00:00\" \/>\n<meta name=\"twitter:card\" content=\"summary_large_image\" \/>\n<meta name=\"twitter:label1\" content=\"Gesch\u00e4tzte Lesezeit\" \/>\n\t<meta name=\"twitter:data1\" content=\"5\u00a0Minuten\" \/>\n<script type=\"application\/ld+json\" class=\"yoast-schema-graph\">{\"@context\":\"https:\/\/schema.org\",\"@graph\":[{\"@type\":\"WebPage\",\"@id\":\"https:\/\/erfolgsfaktor.de\/mitarbeitergespraech\/impressum-datenschutz\/\",\"url\":\"https:\/\/erfolgsfaktor.de\/mitarbeitergespraech\/impressum-datenschutz\/\",\"name\":\"Impressum + Datenschutz - Mitarbeitergespr\u00e4ch\",\"isPartOf\":{\"@id\":\"https:\/\/erfolgsfaktor.de\/mitarbeitergespraech\/#website\"},\"datePublished\":\"2020-11-13T08:19:48+00:00\",\"dateModified\":\"2020-11-13T13:09:16+00:00\",\"breadcrumb\":{\"@id\":\"https:\/\/erfolgsfaktor.de\/mitarbeitergespraech\/impressum-datenschutz\/#breadcrumb\"},\"inLanguage\":\"de\",\"potentialAction\":[{\"@type\":\"ReadAction\",\"target\":[\"https:\/\/erfolgsfaktor.de\/mitarbeitergespraech\/impressum-datenschutz\/\"]}]},{\"@type\":\"BreadcrumbList\",\"@id\":\"https:\/\/erfolgsfaktor.de\/mitarbeitergespraech\/impressum-datenschutz\/#breadcrumb\",\"itemListElement\":[{\"@type\":\"ListItem\",\"position\":1,\"name\":\"Startseite\",\"item\":\"https:\/\/erfolgsfaktor.de\/mitarbeitergespraech\/\"},{\"@type\":\"ListItem\",\"position\":2,\"name\":\"Impressum + Datenschutz\"}]},{\"@type\":\"WebSite\",\"@id\":\"https:\/\/erfolgsfaktor.de\/mitarbeitergespraech\/#website\",\"url\":\"https:\/\/erfolgsfaktor.de\/mitarbeitergespraech\/\",\"name\":\"Mitarbeitergespr\u00e4ch\",\"description\":\"Coaching Mitarbeitergespr\u00e4che\",\"potentialAction\":[{\"@type\":\"SearchAction\",\"target\":{\"@type\":\"EntryPoint\",\"urlTemplate\":\"https:\/\/erfolgsfaktor.de\/mitarbeitergespraech\/?s={search_term_string}\"},\"query-input\":{\"@type\":\"PropertyValueSpecification\",\"valueRequired\":true,\"valueName\":\"search_term_string\"}}],\"inLanguage\":\"de\"}]}<\/script>\n<!-- \/ Yoast SEO plugin. -->","yoast_head_json":{"title":"Impressum + Datenschutz - Mitarbeitergespr\u00e4ch","robots":{"index":"index","follow":"follow","max-snippet":"max-snippet:-1","max-image-preview":"max-image-preview:large","max-video-preview":"max-video-preview:-1"},"canonical":"https:\/\/erfolgsfaktor.de\/mitarbeitergespraech\/impressum-datenschutz\/","og_locale":"de_DE","og_type":"article","og_title":"Impressum + Datenschutz - Mitarbeitergespr\u00e4ch","og_description":"Mitarbeitergespr\u00e4ch ist ein Angebot auf: erfolgsfaktor.de Dipl.-Psych. J\u00fcrgen JunkerGoethestr.27D-63739 AschaffenburgTel. 0 60 21 &#8211; 2 06 67 Email: j.junker@erfolgsfaktor.de Angaben gem\u00e4\u00df TDG \u00a75\/\u00a76:Umsatzsteuer-Identifikationsnummer EU-VAT-No: DE-197179105Dipl.-Psych.: Diplom in Psychologie TH Darmstadt, Deutschland Verantwortlich im Sinne des Presserechts und gem\u00e4\u00df\u00a7\u00a7 6 TDG, 10 MDStV:Dipl.-Psych. J\u00fcrgen JunkerGoethestr.27D-63739 AschaffenburgTel. 0 60 21 &#8211; 2 06 75 Wir haben bei&hellip;&nbsp;Weiterlesen &raquo;Impressum + Datenschutz","og_url":"https:\/\/erfolgsfaktor.de\/mitarbeitergespraech\/impressum-datenschutz\/","og_site_name":"Mitarbeitergespr\u00e4ch","article_modified_time":"2020-11-13T13:09:16+00:00","twitter_card":"summary_large_image","twitter_misc":{"Gesch\u00e4tzte Lesezeit":"5\u00a0Minuten"},"schema":{"@context":"https:\/\/schema.org","@graph":[{"@type":"WebPage","@id":"https:\/\/erfolgsfaktor.de\/mitarbeitergespraech\/impressum-datenschutz\/","url":"https:\/\/erfolgsfaktor.de\/mitarbeitergespraech\/impressum-datenschutz\/","name":"Impressum + Datenschutz - Mitarbeitergespr\u00e4ch","isPartOf":{"@id":"https:\/\/erfolgsfaktor.de\/mitarbeitergespraech\/#website"},"datePublished":"2020-11-13T08:19:48+00:00","dateModified":"2020-11-13T13:09:16+00:00","breadcrumb":{"@id":"https:\/\/erfolgsfaktor.de\/mitarbeitergespraech\/impressum-datenschutz\/#breadcrumb"},"inLanguage":"de","potentialAction":[{"@type":"ReadAction","target":["https:\/\/erfolgsfaktor.de\/mitarbeitergespraech\/impressum-datenschutz\/"]}]},{"@type":"BreadcrumbList","@id":"https:\/\/erfolgsfaktor.de\/mitarbeitergespraech\/impressum-datenschutz\/#breadcrumb","itemListElement":[{"@type":"ListItem","position":1,"name":"Startseite","item":"https:\/\/erfolgsfaktor.de\/mitarbeitergespraech\/"},{"@type":"ListItem","position":2,"name":"Impressum + Datenschutz"}]},{"@type":"WebSite","@id":"https:\/\/erfolgsfaktor.de\/mitarbeitergespraech\/#website","url":"https:\/\/erfolgsfaktor.de\/mitarbeitergespraech\/","name":"Mitarbeitergespr\u00e4ch","description":"Coaching Mitarbeitergespr\u00e4che","potentialAction":[{"@type":"SearchAction","target":{"@type":"EntryPoint","urlTemplate":"https:\/\/erfolgsfaktor.de\/mitarbeitergespraech\/?s={search_term_string}"},"query-input":{"@type":"PropertyValueSpecification","valueRequired":true,"valueName":"search_term_string"}}],"inLanguage":"de"}]}},"_links":{"self":[{"href":"https:\/\/erfolgsfaktor.de\/mitarbeitergespraech\/wp-json\/wp\/v2\/pages\/4","targetHints":{"allow":["GET"]}}],"collection":[{"href":"https:\/\/erfolgsfaktor.de\/mitarbeitergespraech\/wp-json\/wp\/v2\/pages"}],"about":[{"href":"https:\/\/erfolgsfaktor.de\/mitarbeitergespraech\/wp-json\/wp\/v2\/types\/page"}],"author":[{"embeddable":true,"href":"https:\/\/erfolgsfaktor.de\/mitarbeitergespraech\/wp-json\/wp\/v2\/users\/1"}],"replies":[{"embeddable":true,"href":"https:\/\/erfolgsfaktor.de\/mitarbeitergespraech\/wp-json\/wp\/v2\/comments?post=4"}],"version-history":[{"count":2,"href":"https:\/\/erfolgsfaktor.de\/mitarbeitergespraech\/wp-json\/wp\/v2\/pages\/4\/revisions"}],"predecessor-version":[{"id":62,"href":"https:\/\/erfolgsfaktor.de\/mitarbeitergespraech\/wp-json\/wp\/v2\/pages\/4\/revisions\/62"}],"wp:attachment":[{"href":"https:\/\/erfolgsfaktor.de\/mitarbeitergespraech\/wp-json\/wp\/v2\/media?parent=4"}],"curies":[{"name":"wp","href":"https:\/\/api.w.org\/{rel}","templated":true}]}}