{"id":33,"date":"2020-09-16T11:15:08","date_gmt":"2020-09-16T09:15:08","guid":{"rendered":"https:\/\/erfolgsfaktor.de\/steuerberater\/?page_id=33"},"modified":"2022-08-30T11:40:54","modified_gmt":"2022-08-30T09:40:54","slug":"kontakt","status":"publish","type":"page","link":"https:\/\/erfolgsfaktor.de\/coaching-steuerberater\/kontakt\/","title":{"rendered":"Kontakt"},"content":{"rendered":"\n<p id=\"block-b9435514-a2d9-4800-ad52-db654d14851b\"><strong>Coaching f\u00fcr Steuerberater<br>Erfolgsfaktor Psychologie<\/strong> <br>Dipl.-Psych. J\u00fcrgen Junker<br>Goethestr.27<br>D-63739 Aschaffenburg<br>Deutschland<br>Tel: <a href=\"tel:+496021-20667\">06021\/206-67<\/a><br>Fax: 06021\/206-76<br>Mail: <a href=\"mailto:j.junker@erfolgsfaktor.de\">j.junker@erfolgsfaktor.de<\/a><\/p>\n\n\n\n<h2 class=\"wp-block-heading\">Anfahrt<\/h2>\n\n\n\n<p>Aschaffenburg liegt ca. 35km \u00f6stlich von Frankfurt am Main direkt an der A3 und der A45.<\/p>\n\n\n\n<figure class=\"wp-block-image size-large\"><img decoding=\"async\" src=\"https:\/\/www.mto-consulting.de\/Bilder\/Aschaffenburg-Deutschland-Lageskizze.jpg\" alt=\"\"\/><figcaption>Coaching Aschaffenburg Lageskizze<\/figcaption><\/figure>\n\n\n\n<h3 class=\"wp-block-heading\">Anfahrt Bahn<\/h3>\n\n\n\n<p>Sie k\u00f6nnen f\u00fcr unsere Coachings in Aschaffenburg sehr schnell und g\u00fcnstig mit der Deutschen Bahn anreisen. Da der zentrale Bahnknotenpunkt Frankfurt am Main nur ca. 30min von Aschaffenburg entfernt liegt und es direkt einen ICE Halt gibt, hat die Anreise mit der Bahn f\u00fcr Sie deutliche Vorteile.<\/p>\n\n\n\n<ul class=\"wp-block-list\"><li>ICE Frankfurt HBF ca. 30min<\/li><li>ICE Frankfurt Flughafen ca. 45min<\/li><li>ICE K\u00f6ln ca. 1:40<\/li><li>ICE Stuttgart ca. 2:00<\/li><li>ICE M\u00fcnchen ca. 2:40<\/li><li>ICE N\u00fcrnberg ca. 1:35min<\/li><li>ICE Hannover ca. 3:15<\/li><li>ICE Berlin ca. 4:30-5.15<\/li><li>ICE Hamburg ca. 4:30<\/li><li>ICE W\u00fcrzburg ca. 40min<\/li><li>ICE Z\u00fcrich ca. 5:15<\/li><\/ul>\n\n\n\n<p>Unsere B\u00fcror\u00e4ume befinden sich in Aschaffenburg direkt beim Dalberg Gymnasium in der Goethestra\u00dfe 27.<\/p>\n\n\n\n<ul class=\"wp-block-list\"><li>Fu\u00dfweg vom Hauptbahnhof ca. 20min<\/li><li>alternativer Fu\u00dfweg vom Bahnhof Hochschule 2min<\/li><\/ul>\n\n\n\n<p><strong>Fu\u00dfweg vom Bahnhof Hochschule<\/strong><\/p>\n\n\n\n<ul class=\"wp-block-list\"><li>Die Fu\u00dfg\u00e4ngertreppe am Bahnhof Hochschule hoch<\/li><li>Den Wittelsbacherring \u00fcberqueren und geradeaus in die Goethestra\u00dfe<\/li><li>Die Goethestra\u00dfe 27 finden Sie nach ca. 50m auf der rechten Seite<\/li><li>1.Stock: Dipl.-Psych. J\u00fcrgen Junker \/ MTO-Consulting<\/li><\/ul>\n\n\n\n<p><strong>Fu\u00dfweg vom Hauptbahnhof Aschaffenburg<\/strong><\/p>\n\n\n\n<ul class=\"wp-block-list\"><li>ca. 20-25min Fu\u00dfweg vom Bahnhof durch Frohsinnstra\u00dfe<\/li><li>Heinsestra\u00dfe<\/li><li>Platanenallee (bzw. alternativ durch den Park Sch\u00f6ntal)<\/li><li>geradeaus in die Lindenallee<\/li><li>dann rechts ab in die Schwindstra\u00dfe<\/li><li>dann links ab in die Goethestra\u00dfe \u2026<\/li><li>Die Goethestra\u00dfe 27 finden Sie nach ca. 50m auf der linken Seite<\/li><li>1.Stock: Dipl.-Psych. J\u00fcrgen Junker \/ MTO-Consulting<\/li><\/ul>\n\n\n\n<p><strong>Mit dem Bus vom Hauptbahnhof Aschaffenburg<\/strong><\/p>\n\n\n\n<p><strong>Haltestelle Stadelmannstra\u00dfe:<\/strong><\/p>\n\n\n\n<ul class=\"wp-block-list\"><li>die W\u00fcrzburger Stra\u00dfe \u00fcberqueren<\/li><li>in den schmalen Fu\u00dfweg neben Opel Brass<\/li><li>in die Goethestra\u00dfe auf der linken Seite weiterlaufen<\/li><li>die Schwindstra\u00dfe \u00fcberqueren<\/li><li>Die Goethestra\u00dfe 27 finden Sie nach ca. 50m auf der linken Seite<\/li><li>1.Stock: Dipl.-Psych. J\u00fcrgen Junker \/ MTO-Consulting<\/li><\/ul>\n\n\n\n<p><strong>Haltestelle Lindenallee:<\/strong><\/p>\n\n\n\n<ul class=\"wp-block-list\"><li>entgegen der Fahrtrichtung laufen und<\/li><li>dann links ab in die Schwindstra\u00dfe<\/li><li>dann links ab in die Goethestra\u00dfe \u2026<\/li><li>Die Goethestra\u00dfe 27 finden Sie nach ca. 50m auf der linken Seite<\/li><li>1.Stock: Dipl.-Psych. J\u00fcrgen Junker \/ MTO-Consulting<\/li><\/ul>\n\n\n\n<p><strong>Mit dem Taxi vom Hauptbahnhof Aschaffenburg<\/strong>: ca. \u20ac8.-<\/p>\n\n\n\n<h2 class=\"wp-block-heading\">Anfahrt PKW<\/h2>\n\n\n\n<p>Anfahrt Goethestr.27, 63739 Aschaffenburg (f\u00fcr Fragen 01703800667)<br>Navis sollten die Goethestra\u00dfe 27 gut finden.&nbsp;<strong>Hinweis:&nbsp;<\/strong>In der Goethestra\u00dfe selbst besteht Anwohnerparken<\/p>\n\n\n\n<p><strong>Kostenfreie Parkm\u00f6glichkeiten<\/strong>: am Wittelsbacherring (n\u00e4chste Querstra\u00dfe), in der Gr\u00fcnewaldstra\u00dfe sowie in der Schwindstra\u00dfe (hier mit Parkscheibe).<\/p>\n","protected":false},"excerpt":{"rendered":"<p>Coaching f\u00fcr SteuerberaterErfolgsfaktor Psychologie Dipl.-Psych. J\u00fcrgen JunkerGoethestr.27D-63739 AschaffenburgDeutschlandTel: 06021\/206-67Fax: 06021\/206-76Mail: j.junker@erfolgsfaktor.de Anfahrt Aschaffenburg liegt ca. 35km \u00f6stlich von Frankfurt am Main direkt an der A3 und der A45. Anfahrt Bahn Sie k\u00f6nnen f\u00fcr unsere Coachings in Aschaffenburg sehr schnell und g\u00fcnstig mit der Deutschen Bahn anreisen. Da der zentrale Bahnknotenpunkt Frankfurt am Main nur ca.&hellip;&nbsp;<a href=\"https:\/\/erfolgsfaktor.de\/coaching-steuerberater\/kontakt\/\" rel=\"bookmark\">Weiterlesen &raquo;<span class=\"screen-reader-text\">Kontakt<\/span><\/a><\/p>\n","protected":false},"author":1,"featured_media":0,"parent":0,"menu_order":0,"comment_status":"closed","ping_status":"closed","template":"","meta":{"neve_meta_sidebar":"","neve_meta_container":"","neve_meta_enable_content_width":"","neve_meta_content_width":0,"neve_meta_title_alignment":"","neve_meta_author_avatar":"","neve_post_elements_order":"","neve_meta_disable_header":"","neve_meta_disable_footer":"","neve_meta_disable_title":"","footnotes":""},"class_list":["post-33","page","type-page","status-publish","hentry"],"yoast_head":"<!-- This site is optimized with the Yoast SEO plugin v26.8 - https:\/\/yoast.com\/product\/yoast-seo-wordpress\/ -->\n<title>Kontakt - Coaching Steuerberater<\/title>\n<meta name=\"description\" content=\"Erfolgsfaktor Coaching + Seminare unterst\u00fctzt Sie als Gesch\u00e4ftsf\u00fchrer - Kontakt: Goethestr. 27, 63739 Aschaffenburg\" \/>\n<meta name=\"robots\" content=\"index, follow, max-snippet:-1, max-image-preview:large, max-video-preview:-1\" \/>\n<link rel=\"canonical\" href=\"https:\/\/erfolgsfaktor.de\/coaching-steuerberater\/kontakt\/\" \/>\n<meta property=\"og:locale\" content=\"de_DE\" \/>\n<meta property=\"og:type\" content=\"article\" \/>\n<meta property=\"og:title\" content=\"Kontakt - Coaching Steuerberater\" \/>\n<meta property=\"og:description\" content=\"Erfolgsfaktor Coaching + Seminare unterst\u00fctzt Sie als Gesch\u00e4ftsf\u00fchrer - Kontakt: Goethestr. 27, 63739 Aschaffenburg\" \/>\n<meta property=\"og:url\" content=\"https:\/\/erfolgsfaktor.de\/coaching-steuerberater\/kontakt\/\" \/>\n<meta property=\"og:site_name\" content=\"Coaching Steuerberater\" \/>\n<meta property=\"article:modified_time\" content=\"2022-08-30T09:40:54+00:00\" \/>\n<meta property=\"og:image\" content=\"https:\/\/www.mto-consulting.de\/Bilder\/Aschaffenburg-Deutschland-Lageskizze.jpg\" \/>\n<meta name=\"twitter:card\" content=\"summary_large_image\" \/>\n<meta name=\"twitter:label1\" content=\"Gesch\u00e4tzte Lesezeit\" \/>\n\t<meta name=\"twitter:data1\" content=\"3\u00a0Minuten\" \/>\n<script type=\"application\/ld+json\" class=\"yoast-schema-graph\">{\"@context\":\"https:\/\/schema.org\",\"@graph\":[{\"@type\":\"WebPage\",\"@id\":\"https:\/\/erfolgsfaktor.de\/coaching-steuerberater\/kontakt\/\",\"url\":\"https:\/\/erfolgsfaktor.de\/coaching-steuerberater\/kontakt\/\",\"name\":\"Kontakt - Coaching Steuerberater\",\"isPartOf\":{\"@id\":\"https:\/\/erfolgsfaktor.de\/coaching-steuerberater\/#website\"},\"primaryImageOfPage\":{\"@id\":\"https:\/\/erfolgsfaktor.de\/coaching-steuerberater\/kontakt\/#primaryimage\"},\"image\":{\"@id\":\"https:\/\/erfolgsfaktor.de\/coaching-steuerberater\/kontakt\/#primaryimage\"},\"thumbnailUrl\":\"https:\/\/www.mto-consulting.de\/Bilder\/Aschaffenburg-Deutschland-Lageskizze.jpg\",\"datePublished\":\"2020-09-16T09:15:08+00:00\",\"dateModified\":\"2022-08-30T09:40:54+00:00\",\"description\":\"Erfolgsfaktor Coaching + Seminare unterst\u00fctzt Sie als Gesch\u00e4ftsf\u00fchrer - Kontakt: Goethestr. 27, 63739 Aschaffenburg\",\"breadcrumb\":{\"@id\":\"https:\/\/erfolgsfaktor.de\/coaching-steuerberater\/kontakt\/#breadcrumb\"},\"inLanguage\":\"de\",\"potentialAction\":[{\"@type\":\"ReadAction\",\"target\":[\"https:\/\/erfolgsfaktor.de\/coaching-steuerberater\/kontakt\/\"]}]},{\"@type\":\"ImageObject\",\"inLanguage\":\"de\",\"@id\":\"https:\/\/erfolgsfaktor.de\/coaching-steuerberater\/kontakt\/#primaryimage\",\"url\":\"https:\/\/www.mto-consulting.de\/Bilder\/Aschaffenburg-Deutschland-Lageskizze.jpg\",\"contentUrl\":\"https:\/\/www.mto-consulting.de\/Bilder\/Aschaffenburg-Deutschland-Lageskizze.jpg\"},{\"@type\":\"BreadcrumbList\",\"@id\":\"https:\/\/erfolgsfaktor.de\/coaching-steuerberater\/kontakt\/#breadcrumb\",\"itemListElement\":[{\"@type\":\"ListItem\",\"position\":1,\"name\":\"Startseite\",\"item\":\"https:\/\/erfolgsfaktor.de\/coaching-steuerberater\/\"},{\"@type\":\"ListItem\",\"position\":2,\"name\":\"Kontakt\"}]},{\"@type\":\"WebSite\",\"@id\":\"https:\/\/erfolgsfaktor.de\/coaching-steuerberater\/#website\",\"url\":\"https:\/\/erfolgsfaktor.de\/coaching-steuerberater\/\",\"name\":\"Coaching Steuerberater\",\"description\":\"Erfolgsfaktor Coaching\",\"potentialAction\":[{\"@type\":\"SearchAction\",\"target\":{\"@type\":\"EntryPoint\",\"urlTemplate\":\"https:\/\/erfolgsfaktor.de\/coaching-steuerberater\/?s={search_term_string}\"},\"query-input\":{\"@type\":\"PropertyValueSpecification\",\"valueRequired\":true,\"valueName\":\"search_term_string\"}}],\"inLanguage\":\"de\"}]}<\/script>\n<!-- \/ Yoast SEO plugin. -->","yoast_head_json":{"title":"Kontakt - Coaching Steuerberater","description":"Erfolgsfaktor Coaching + Seminare unterst\u00fctzt Sie als Gesch\u00e4ftsf\u00fchrer - Kontakt: Goethestr. 27, 63739 Aschaffenburg","robots":{"index":"index","follow":"follow","max-snippet":"max-snippet:-1","max-image-preview":"max-image-preview:large","max-video-preview":"max-video-preview:-1"},"canonical":"https:\/\/erfolgsfaktor.de\/coaching-steuerberater\/kontakt\/","og_locale":"de_DE","og_type":"article","og_title":"Kontakt - Coaching Steuerberater","og_description":"Erfolgsfaktor Coaching + Seminare unterst\u00fctzt Sie als Gesch\u00e4ftsf\u00fchrer - Kontakt: Goethestr. 27, 63739 Aschaffenburg","og_url":"https:\/\/erfolgsfaktor.de\/coaching-steuerberater\/kontakt\/","og_site_name":"Coaching Steuerberater","article_modified_time":"2022-08-30T09:40:54+00:00","og_image":[{"url":"https:\/\/www.mto-consulting.de\/Bilder\/Aschaffenburg-Deutschland-Lageskizze.jpg","type":"","width":"","height":""}],"twitter_card":"summary_large_image","twitter_misc":{"Gesch\u00e4tzte Lesezeit":"3\u00a0Minuten"},"schema":{"@context":"https:\/\/schema.org","@graph":[{"@type":"WebPage","@id":"https:\/\/erfolgsfaktor.de\/coaching-steuerberater\/kontakt\/","url":"https:\/\/erfolgsfaktor.de\/coaching-steuerberater\/kontakt\/","name":"Kontakt - Coaching Steuerberater","isPartOf":{"@id":"https:\/\/erfolgsfaktor.de\/coaching-steuerberater\/#website"},"primaryImageOfPage":{"@id":"https:\/\/erfolgsfaktor.de\/coaching-steuerberater\/kontakt\/#primaryimage"},"image":{"@id":"https:\/\/erfolgsfaktor.de\/coaching-steuerberater\/kontakt\/#primaryimage"},"thumbnailUrl":"https:\/\/www.mto-consulting.de\/Bilder\/Aschaffenburg-Deutschland-Lageskizze.jpg","datePublished":"2020-09-16T09:15:08+00:00","dateModified":"2022-08-30T09:40:54+00:00","description":"Erfolgsfaktor Coaching + Seminare unterst\u00fctzt Sie als Gesch\u00e4ftsf\u00fchrer - Kontakt: Goethestr. 27, 63739 Aschaffenburg","breadcrumb":{"@id":"https:\/\/erfolgsfaktor.de\/coaching-steuerberater\/kontakt\/#breadcrumb"},"inLanguage":"de","potentialAction":[{"@type":"ReadAction","target":["https:\/\/erfolgsfaktor.de\/coaching-steuerberater\/kontakt\/"]}]},{"@type":"ImageObject","inLanguage":"de","@id":"https:\/\/erfolgsfaktor.de\/coaching-steuerberater\/kontakt\/#primaryimage","url":"https:\/\/www.mto-consulting.de\/Bilder\/Aschaffenburg-Deutschland-Lageskizze.jpg","contentUrl":"https:\/\/www.mto-consulting.de\/Bilder\/Aschaffenburg-Deutschland-Lageskizze.jpg"},{"@type":"BreadcrumbList","@id":"https:\/\/erfolgsfaktor.de\/coaching-steuerberater\/kontakt\/#breadcrumb","itemListElement":[{"@type":"ListItem","position":1,"name":"Startseite","item":"https:\/\/erfolgsfaktor.de\/coaching-steuerberater\/"},{"@type":"ListItem","position":2,"name":"Kontakt"}]},{"@type":"WebSite","@id":"https:\/\/erfolgsfaktor.de\/coaching-steuerberater\/#website","url":"https:\/\/erfolgsfaktor.de\/coaching-steuerberater\/","name":"Coaching Steuerberater","description":"Erfolgsfaktor Coaching","potentialAction":[{"@type":"SearchAction","target":{"@type":"EntryPoint","urlTemplate":"https:\/\/erfolgsfaktor.de\/coaching-steuerberater\/?s={search_term_string}"},"query-input":{"@type":"PropertyValueSpecification","valueRequired":true,"valueName":"search_term_string"}}],"inLanguage":"de"}]}},"_links":{"self":[{"href":"https:\/\/erfolgsfaktor.de\/coaching-steuerberater\/wp-json\/wp\/v2\/pages\/33","targetHints":{"allow":["GET"]}}],"collection":[{"href":"https:\/\/erfolgsfaktor.de\/coaching-steuerberater\/wp-json\/wp\/v2\/pages"}],"about":[{"href":"https:\/\/erfolgsfaktor.de\/coaching-steuerberater\/wp-json\/wp\/v2\/types\/page"}],"author":[{"embeddable":true,"href":"https:\/\/erfolgsfaktor.de\/coaching-steuerberater\/wp-json\/wp\/v2\/users\/1"}],"replies":[{"embeddable":true,"href":"https:\/\/erfolgsfaktor.de\/coaching-steuerberater\/wp-json\/wp\/v2\/comments?post=33"}],"version-history":[{"count":2,"href":"https:\/\/erfolgsfaktor.de\/coaching-steuerberater\/wp-json\/wp\/v2\/pages\/33\/revisions"}],"predecessor-version":[{"id":553,"href":"https:\/\/erfolgsfaktor.de\/coaching-steuerberater\/wp-json\/wp\/v2\/pages\/33\/revisions\/553"}],"wp:attachment":[{"href":"https:\/\/erfolgsfaktor.de\/coaching-steuerberater\/wp-json\/wp\/v2\/media?parent=33"}],"curies":[{"name":"wp","href":"https:\/\/api.w.org\/{rel}","templated":true}]}}