{"id":318,"date":"2020-09-24T15:40:34","date_gmt":"2020-09-24T13:40:34","guid":{"rendered":"https:\/\/erfolgsfaktor.de\/steuerberater\/?page_id=318"},"modified":"2020-10-29T14:58:47","modified_gmt":"2020-10-29T13:58:47","slug":"konflikte-steuerberater-wirtschaftspruefer","status":"publish","type":"page","link":"https:\/\/erfolgsfaktor.de\/coaching-steuerberater\/konflikte-steuerberater-wirtschaftspruefer\/","title":{"rendered":"Konflikte Steuerberater"},"content":{"rendered":"\n<p>Das <strong>Coaching Konflikte f\u00fcr Steuerberater + Wirtschaftspr\u00fcfer<\/strong>\u00a0coacht und ber\u00e4t Sie bei <strong>Konflikten mit Mandanten<\/strong>, bei <strong>Konflikten innerhalb der Mandantschaft<\/strong> sowie bei <strong>Konflikten innerhalb Ihrer Steuerberatung<\/strong> oder Wirtschaftspr\u00fcfung sowie bei Konflikten anderer Gesch\u00e4ftspartner.<\/p>\n\n\n\n<p>Gerade f\u00fcr Steuerberater ist es extrem wichtig Konflikte professionell zu l\u00f6sen und alle Beteiligten professionell einzubinden. <strong>Durch fehlendes Konfliktmanagement und schlechte Konfliktl\u00f6sungen entstehen oft Kosten, Mehraufw\u00e4nde, schlechte Stimmung im Team und im schlimmsten Fall ein negatives Image bei der Mandantschaft<\/strong>.<\/p>\n\n\n\n<ul class=\"wp-block-list\"><li><a href=\"#details\">Details<\/a><\/li><li><a href=\"#nutzen\">Nutzen<\/a><\/li><li><a href=\"#anfrage-buchung\">Anfrage + Buchung<\/a><\/li><\/ul>\n\n\n\n<div class=\"wp-block-buttons is-layout-flex wp-block-buttons-is-layout-flex\">\n<div class=\"wp-block-button\"><a class=\"wp-block-button__link\" href=\"#anfrage-buchung\">direkt zur<br>Anfrage + Buchung<\/a><\/div>\n<\/div>\n\n\n\n<div class=\"wp-block-cover alignfull has-neve-link-color-background-color has-background-dim\"><div class=\"wp-block-cover__inner-container is-layout-flow wp-block-cover-is-layout-flow\">\n<h2 class=\"has-text-align-center wp-block-heading\">Konfliktmanagement<br>Konfliktl\u00f6sung f\u00fcr Steuerberater<\/h2>\n<\/div><\/div>\n\n\n\n<figure class=\"wp-block-image size-large\"><img loading=\"lazy\" decoding=\"async\" width=\"200\" height=\"200\" src=\"https:\/\/erfolgsfaktor.de\/coaching-steuerberater\/wp-content\/uploads\/sites\/4\/2020\/09\/Konfliktmanagement-Steuerberater.gif\" alt=\"Konfliktmanagement Konflikte Steuerberater und Wirtschaftspr\u00fcfer\" class=\"wp-image-320\"\/><figcaption>Konfliktl\u00f6sungen und Konfliktmanagement f\u00fcr Steuerberater und Wirtschaftspr\u00fcfer<\/figcaption><\/figure>\n\n\n\n<h2 class=\"wp-block-heading\">Konflikte: Konfliktl\u00f6sungen f\u00fcr Steuerberater<\/h2>\n\n\n\n<p>Wir unterst\u00fctzen Sie mit individuellen <strong>Konfliktl\u00f6sungen und Werkzeugen des Konfliktmanagements<\/strong>&nbsp;bei Konflikten mit oder zwischen Kollegen\/innen, Vorgesetzten und Mitarbeitern. Wir coachen Sie&nbsp;<strong>online, vor Ort und firmenintern<\/strong>.<\/p>\n\n\n\n<figure class=\"wp-block-image size-large\"><img loading=\"lazy\" decoding=\"async\" width=\"200\" height=\"200\" src=\"https:\/\/erfolgsfaktor.de\/coaching-steuerberater\/wp-content\/uploads\/sites\/4\/2020\/09\/Teilnehmer-Feedback.gif\" alt=\"Teilnehmer Feedback\" class=\"wp-image-51\"\/><\/figure>\n\n\n\n<blockquote class=\"wp-block-quote is-layout-flow wp-block-quote-is-layout-flow\"><p>Wie erwartet kamen beim Mandanten wieder eine&nbsp;<strong>ganze Reihe kritischer Einw\u00e4nde<\/strong>, die Situation und der eh schon&nbsp;<strong>bestehende Konflikt drohte zu eskalieren<\/strong>, ich habe es gerade noch geschafft an das Coaching zu denken und&nbsp;<strong>mit dem Mandanten die Kurve zu bekommen<\/strong>. <\/p><p><strong>Einer der Seniorpartner war mit dabei <\/strong>und zum ersten Mal habe ich <strong>ein bewusstes Nicken<\/strong> bei ihm wahrgenommen, als ich&nbsp;<strong>die Situation mit dem Mandanten diplomatisch deeskalierte<\/strong>&#8230; <\/p><p>Einer meiner Kollegen, hat sich da <strong>bei Konflikten mit diesem Mandanten in der Vergangenheit wohl deutlich schwerer getan<\/strong>. Das h\u00e4tte ich ohne das Coaching bei dir nie so bewusst wahrgenommen und fand die Erkenntnis gro\u00dfartig. Ganz herzlichen Dank S.L.<\/p><cite>Teilnehmerfeedback<\/cite><\/blockquote>\n\n\n\n<h2 class=\"wp-block-heading\" id=\"details\">Konflikte Coaching f\u00fcr Steuerberater<\/h2>\n\n\n\n<figure class=\"wp-block-image size-large\"><img loading=\"lazy\" decoding=\"async\" width=\"200\" height=\"200\" src=\"https:\/\/erfolgsfaktor.de\/coaching-steuerberater\/wp-content\/uploads\/sites\/4\/2020\/09\/Coaching-fuer-Steuerberater.gif\" alt=\"Coaching f\u00fcr Steuerberater\" class=\"wp-image-12\"\/><figcaption><strong>Ansatzpunkte und Inhalte f\u00fcr das Coaching<\/strong><\/figcaption><\/figure>\n\n\n\n<ul class=\"wp-block-list\"><li><strong>Angewandte Konfliktpsychologie f\u00fcr Steuerberater und Wirtschaftspr\u00fcfer<\/strong><\/li><li><strong>Konfliktl\u00f6sung<\/strong>: Konflikte bei oder mit Mandanten deeskalieren<\/li><li><strong>Konfliktmanagement<\/strong>: psychologisch geschickt umgehen mit Konflikten<\/li><li><strong>Durchsetzen im Konflikt<\/strong>: eigene und Mandantenziele durchsetzen in Konflikten<\/li><li><strong>Konflikt-know-how<\/strong>: das Yin + Yang des Konflikthandlings, harte + weiche Strategien im Umgang mit Konflikten<\/li><\/ul>\n\n\n\n<h2 class=\"wp-block-heading\">Konflikte f\u00fcr Steuerberater<\/h2>\n\n\n\n<ul class=\"wp-block-list\"><li><strong>Psychologisches Konfliktcoaching f\u00fcr Steuerberater + Wirtschaftspr\u00fcfer<\/strong>: eigene Konfliktanteile und psychologische Mechanismen der Konflikteskalation und des Umgangs mit Konflikten erkennen, verstehen und sich psychologisch geschickt im Konflikt verhalten<\/li><li><strong>Konflikthandling<\/strong>: Konfliktsituationen deeskalieren und l\u00f6sen<\/li><li><strong>Durchsetzungskraft im Konflikt<\/strong>: eigene Ziele bzw. Mandanten-Ziele und Interessen klar positionieren und konsequent durchsetzen<\/li><\/ul>\n\n\n\n<figure class=\"wp-block-image size-large\"><img loading=\"lazy\" decoding=\"async\" width=\"200\" height=\"200\" src=\"https:\/\/erfolgsfaktor.de\/coaching-steuerberater\/wp-content\/uploads\/sites\/4\/2020\/09\/Teilnehmer-Feedback.gif\" alt=\"Teilnehmer Feedback\" class=\"wp-image-51\"\/><\/figure>\n\n\n\n<blockquote class=\"wp-block-quote is-layout-flow wp-block-quote-is-layout-flow\"><p>F\u00fcr Teilnehmer, die<strong> schwierige Konfliktgespr\u00e4che vor sich <\/strong>haben absolut zu empfehlen! Das <strong>Konfliktcoaching bietet viel Raum eigene Problemf\u00e4lle<\/strong> zu besprechen und <strong>direkte L\u00f6sungen f\u00fcr Konflikte<\/strong> zu finden. Gr\u00fc\u00dfe N.P.<\/p><cite>Teilnehmerfeedback<\/cite><\/blockquote>\n\n\n\n<h2 class=\"wp-block-heading\" id=\"nutzen\">Konflikte Steuerberater Ihr Nutzen<\/h2>\n\n\n\n<figure class=\"wp-block-image size-large\"><img loading=\"lazy\" decoding=\"async\" width=\"200\" height=\"200\" src=\"https:\/\/erfolgsfaktor.de\/coaching-steuerberater\/wp-content\/uploads\/sites\/4\/2020\/09\/Konfliktloesung-Steuerberater.gif\" alt=\"Konfliktl\u00f6sung Konflikte Steuerberater und Wirtschaftspr\u00fcfer\" class=\"wp-image-321\"\/><figcaption>Ihr Nutzen als Steuerberater und Wirtschaftspr\u00fcfer<\/figcaption><\/figure>\n\n\n\n<p><strong>Ein psychologisches Konfliktmanagement und professionelle Konfliktl\u00f6sungen st\u00e4rken das Vertrauen der Mandantschaft und der Belegschaft<\/strong>. Die Durchsetzungskraft und ein souver\u00e4nes Konfliktverhalten stellt sicher, dass Sie Ihre eigenen Ziele und Interessen und die Ziele der Mandanten auf Augenh\u00f6he, nachdr\u00fccklich und bestimmt vertreten.<\/p>\n\n\n\n<h2 class=\"wp-block-heading\">Professionelles Konfliktcoaching<\/h2>\n\n\n\n<p>Investieren Sie in ein&nbsp;<strong>professionelles Konflikthandling und sichern Sie sich so eine gute Gesch\u00e4ftsbeziehung mit attraktiven Mandanten<\/strong>. St\u00e4rken Sie die Mitarbeiterbindung durch&nbsp;<strong>psychologische Konfliktl\u00f6sungen<\/strong>&nbsp;im eigenen Unternehmen.<\/p>\n\n\n\n<div class=\"wp-block-cover alignfull has-neve-link-color-background-color has-background-dim\"><div class=\"wp-block-cover__inner-container is-layout-flow wp-block-cover-is-layout-flow\">\n<h2 class=\"has-text-align-center wp-block-heading\">Konflikte Steuerberater<br>Anfrage Buchung<\/h2>\n<\/div><\/div>\n\n\n\n<p><\/p>\n\n\n\n<h3 class=\"wp-block-heading\" id=\"anfrage-buchung\">Coaching f\u00fcr Steuerberater<br>anfragen + buchen<\/h3>\n\n\n\n<figure class=\"wp-block-image size-large\"><img loading=\"lazy\" decoding=\"async\" width=\"200\" height=\"200\" src=\"https:\/\/erfolgsfaktor.de\/coaching-steuerberater\/wp-content\/uploads\/sites\/4\/2020\/09\/Konflikte-Steuerberater.gif\" alt=\"Konflikte Steuerberater und Wirtschaftspr\u00fcfer\" class=\"wp-image-259\"\/><figcaption>Anmeldung + Buchung<\/figcaption><\/figure>\n\n\n\n<p>Formate, Optionen, Preise und Konditionen finden Sie hier unter <strong>Anfrage + Buchung<\/strong> oder in unserer <a href=\"https:\/\/erfolgsfaktor.de\/coaching-steuerberater\/coachings-steuerberater\/\">Preis\u00fcbersicht<\/a>. <\/p>\n\n\n\n<div class=\"wp-block-buttons is-layout-flex wp-block-buttons-is-layout-flex\">\n<div class=\"wp-block-button\"><a class=\"wp-block-button__link\" href=\"https:\/\/www.mto-consulting.de\/anmeldungerfolgsfaktor.php?https:\/\/erfolgsfaktor.de\/coaching-steuerberater\/konflikte-steuerberater-wirtschaftspruefer\">Anfrage + Buchung<\/a><\/div>\n<\/div>\n\n\n\n<p>Alternativ dieses Coaching auf <strong>www.mto-consulting.de<\/strong> ansehen?<\/p>\n\n\n\n<div class=\"wp-block-buttons is-layout-flex wp-block-buttons-is-layout-flex\">\n<div class=\"wp-block-button\"><a class=\"wp-block-button__link\" href=\"https:\/\/www.mto-consulting.de\/Steuerberater-Wirtschaftspruefer\/konflikte-steuerberater-wirtschaftspruefer.htm\">Coaching f\u00fcr Steuerberater<\/a><\/div>\n<\/div>\n\n\n\n<div class=\"wp-block-cover alignfull has-secondary-background-color has-background-dim\"><div class=\"wp-block-cover__inner-container is-layout-flow wp-block-cover-is-layout-flow\">\n<h2 class=\"has-text-align-center wp-block-heading\">\u00dcbersicht: Coaching f\u00fcr Steuerberater<\/h2>\n<\/div><\/div>\n\n\n\n<h3 class=\"wp-block-heading\"><strong>Coachings f\u00fcr Steuerberater:<\/strong><\/h3>\n\n\n\n<ul class=\"wp-block-list\"><li><a href=\"https:\/\/erfolgsfaktor.de\/coaching-steuerberater\/psychologie-fuer-steuerberater\/\">Coaching Psychologie f\u00fcr Steuerberater<\/a><\/li><li><a href=\"https:\/\/erfolgsfaktor.de\/coaching-steuerberater\/#kritische-situationen-krisen\">Coaching f\u00fcr kritische Situationen + Krisen<\/a><\/li><li><a href=\"https:\/\/erfolgsfaktor.de\/coaching-steuerberater\/schwierige-gespraeche-fuer-steuerberater\/\">Coaching f\u00fcr schwierige Gespr\u00e4che<\/a><\/li><li><a href=\"https:\/\/erfolgsfaktor.de\/coaching-steuerberater\/schwierige-mandanten-fuer-steuerberater\/\">Coaching bei schwierigen Mandanten<\/a><\/li><li><a href=\"https:\/\/erfolgsfaktor.de\/coaching-steuerberater\/konflikte-steuerberater-wirtschaftspruefer\/\">Coaching Konflikte + Konfliktl\u00f6sung<\/a><\/li><li><a href=\"https:\/\/erfolgsfaktor.de\/coaching-steuerberater\/schwierige-mitarbeiter-steuerberater\/\">Coaching f\u00fcr Steuerberater: schwierige Mitarbeiter<\/a><\/li><li><a href=\"https:\/\/erfolgsfaktor.de\/coaching-steuerberater\/fuehrung-steuerberater\/\">Coaching F\u00fchrung \/ Mitarbeiterf\u00fchrung<\/a><\/li><li><a href=\"https:\/\/erfolgsfaktor.de\/coaching-steuerberater\/autoritaet-und-souveranitaet-fuer-steuerberater\/\">Coaching f\u00fcr Autorit\u00e4t + Souver\u00e4nit\u00e4t<\/a><\/li><li><a href=\"https:\/\/erfolgsfaktor.de\/coaching-steuerberater\/diplomatie-schlagfertigkeit-steuerberater\/\">Coaching f\u00fcr Diplomatie + Schlagfertigkeit<\/a><\/li><li><a href=\"https:\/\/erfolgsfaktor.de\/coaching-steuerberater\/lampenfieber-nervositaet-steuerberater\/\">Coaching gegen Lampenfieber + Nervosit\u00e4t<\/a><\/li><li><a href=\"https:\/\/erfolgsfaktor.de\/coaching-steuerberater\/sicher-praesentieren-steuerberater\/\">Coaching Pr\u00e4sentation &#8211; Pr\u00e4sentationstraining<\/a><\/li><li><a href=\"https:\/\/erfolgsfaktor.de\/coaching-steuerberater\/steuerberater-ansprachen-und-vortraege\/\">Coaching f\u00fcr Ansprache, Rede, Vortrag<\/a><\/li><li><a href=\"https:\/\/erfolgsfaktor.de\/coaching-steuerberater\/#coachingtag\">Coaching f\u00fcr Steuerberater: 1 individueller Coachingtag<\/a><\/li><\/ul>\n\n\n\n<div class=\"wp-block-cover alignfull has-secondary-background-color has-background-dim\"><div class=\"wp-block-cover__inner-container is-layout-flow wp-block-cover-is-layout-flow\">\n<p class=\"has-text-align-center has-primary-color has-background-background-color has-text-color has-background has-larger-font-size\"><a href=\"https:\/\/erfolgsfaktor.de\/steuerberater\">zur\u00fcck zur \u00dcbersicht?<\/a><\/p>\n<\/div><\/div>\n","protected":false},"excerpt":{"rendered":"<p>Das Coaching Konflikte f\u00fcr Steuerberater + Wirtschaftspr\u00fcfer\u00a0coacht und ber\u00e4t Sie bei Konflikten mit Mandanten, bei Konflikten innerhalb der Mandantschaft sowie bei Konflikten innerhalb Ihrer Steuerberatung oder Wirtschaftspr\u00fcfung sowie bei Konflikten anderer Gesch\u00e4ftspartner. Gerade f\u00fcr Steuerberater ist es extrem wichtig Konflikte professionell zu l\u00f6sen und alle Beteiligten professionell einzubinden. Durch fehlendes Konfliktmanagement und schlechte Konfliktl\u00f6sungen entstehen&hellip;&nbsp;<a href=\"https:\/\/erfolgsfaktor.de\/coaching-steuerberater\/konflikte-steuerberater-wirtschaftspruefer\/\" rel=\"bookmark\">Weiterlesen &raquo;<span class=\"screen-reader-text\">Konflikte Steuerberater<\/span><\/a><\/p>\n","protected":false},"author":1,"featured_media":259,"parent":0,"menu_order":0,"comment_status":"closed","ping_status":"closed","template":"","meta":{"neve_meta_sidebar":"","neve_meta_container":"","neve_meta_enable_content_width":"","neve_meta_content_width":0,"neve_meta_title_alignment":"","neve_meta_author_avatar":"","neve_post_elements_order":"","neve_meta_disable_header":"","neve_meta_disable_footer":"","neve_meta_disable_title":"","footnotes":""},"class_list":["post-318","page","type-page","status-publish","has-post-thumbnail","hentry"],"yoast_head":"<!-- This site is optimized with the Yoast SEO plugin v26.8 - https:\/\/yoast.com\/product\/yoast-seo-wordpress\/ -->\n<title>Konflikte Steuerberater - Coaching Steuerberater<\/title>\n<meta name=\"description\" content=\"Coaching Konflikte f\u00fcr Steuerberater + Wirtschaftspr\u00fcfer Konfliktmanagement, Konfliktl\u00f6sungen, Konfliktcoaching, Konflikthandling, Mediation\" \/>\n<meta name=\"robots\" content=\"index, follow, max-snippet:-1, max-image-preview:large, max-video-preview:-1\" \/>\n<link rel=\"canonical\" href=\"https:\/\/erfolgsfaktor.de\/coaching-steuerberater\/konflikte-steuerberater-wirtschaftspruefer\/\" \/>\n<meta property=\"og:locale\" content=\"de_DE\" \/>\n<meta property=\"og:type\" content=\"article\" \/>\n<meta property=\"og:title\" content=\"Konflikte Steuerberater - Coaching Steuerberater\" \/>\n<meta property=\"og:description\" content=\"Coaching Konflikte f\u00fcr Steuerberater + Wirtschaftspr\u00fcfer Konfliktmanagement, Konfliktl\u00f6sungen, Konfliktcoaching, Konflikthandling, Mediation\" \/>\n<meta property=\"og:url\" content=\"https:\/\/erfolgsfaktor.de\/coaching-steuerberater\/konflikte-steuerberater-wirtschaftspruefer\/\" \/>\n<meta property=\"og:site_name\" content=\"Coaching Steuerberater\" \/>\n<meta property=\"article:modified_time\" content=\"2020-10-29T13:58:47+00:00\" \/>\n<meta property=\"og:image\" content=\"https:\/\/erfolgsfaktor.de\/coaching-steuerberater\/wp-content\/uploads\/sites\/4\/2020\/09\/Konflikte-Steuerberater.gif\" \/>\n\t<meta property=\"og:image:width\" content=\"200\" \/>\n\t<meta property=\"og:image:height\" content=\"200\" \/>\n\t<meta property=\"og:image:type\" content=\"image\/gif\" \/>\n<meta name=\"twitter:card\" content=\"summary_large_image\" \/>\n<meta name=\"twitter:label1\" content=\"Gesch\u00e4tzte Lesezeit\" \/>\n\t<meta name=\"twitter:data1\" content=\"3\u00a0Minuten\" \/>\n<script type=\"application\/ld+json\" class=\"yoast-schema-graph\">{\"@context\":\"https:\/\/schema.org\",\"@graph\":[{\"@type\":\"WebPage\",\"@id\":\"https:\/\/erfolgsfaktor.de\/coaching-steuerberater\/konflikte-steuerberater-wirtschaftspruefer\/\",\"url\":\"https:\/\/erfolgsfaktor.de\/coaching-steuerberater\/konflikte-steuerberater-wirtschaftspruefer\/\",\"name\":\"Konflikte Steuerberater - Coaching Steuerberater\",\"isPartOf\":{\"@id\":\"https:\/\/erfolgsfaktor.de\/coaching-steuerberater\/#website\"},\"primaryImageOfPage\":{\"@id\":\"https:\/\/erfolgsfaktor.de\/coaching-steuerberater\/konflikte-steuerberater-wirtschaftspruefer\/#primaryimage\"},\"image\":{\"@id\":\"https:\/\/erfolgsfaktor.de\/coaching-steuerberater\/konflikte-steuerberater-wirtschaftspruefer\/#primaryimage\"},\"thumbnailUrl\":\"https:\/\/erfolgsfaktor.de\/coaching-steuerberater\/wp-content\/uploads\/sites\/4\/2020\/09\/Konflikte-Steuerberater.gif\",\"datePublished\":\"2020-09-24T13:40:34+00:00\",\"dateModified\":\"2020-10-29T13:58:47+00:00\",\"description\":\"Coaching Konflikte f\u00fcr Steuerberater + Wirtschaftspr\u00fcfer Konfliktmanagement, Konfliktl\u00f6sungen, Konfliktcoaching, Konflikthandling, Mediation\",\"breadcrumb\":{\"@id\":\"https:\/\/erfolgsfaktor.de\/coaching-steuerberater\/konflikte-steuerberater-wirtschaftspruefer\/#breadcrumb\"},\"inLanguage\":\"de\",\"potentialAction\":[{\"@type\":\"ReadAction\",\"target\":[\"https:\/\/erfolgsfaktor.de\/coaching-steuerberater\/konflikte-steuerberater-wirtschaftspruefer\/\"]}]},{\"@type\":\"ImageObject\",\"inLanguage\":\"de\",\"@id\":\"https:\/\/erfolgsfaktor.de\/coaching-steuerberater\/konflikte-steuerberater-wirtschaftspruefer\/#primaryimage\",\"url\":\"https:\/\/erfolgsfaktor.de\/coaching-steuerberater\/wp-content\/uploads\/sites\/4\/2020\/09\/Konflikte-Steuerberater.gif\",\"contentUrl\":\"https:\/\/erfolgsfaktor.de\/coaching-steuerberater\/wp-content\/uploads\/sites\/4\/2020\/09\/Konflikte-Steuerberater.gif\",\"width\":200,\"height\":200,\"caption\":\"Konflikte Steuerberater und Wirtschaftspr\u00fcfer\"},{\"@type\":\"BreadcrumbList\",\"@id\":\"https:\/\/erfolgsfaktor.de\/coaching-steuerberater\/konflikte-steuerberater-wirtschaftspruefer\/#breadcrumb\",\"itemListElement\":[{\"@type\":\"ListItem\",\"position\":1,\"name\":\"Startseite\",\"item\":\"https:\/\/erfolgsfaktor.de\/coaching-steuerberater\/\"},{\"@type\":\"ListItem\",\"position\":2,\"name\":\"Konflikte Steuerberater\"}]},{\"@type\":\"WebSite\",\"@id\":\"https:\/\/erfolgsfaktor.de\/coaching-steuerberater\/#website\",\"url\":\"https:\/\/erfolgsfaktor.de\/coaching-steuerberater\/\",\"name\":\"Coaching Steuerberater\",\"description\":\"Erfolgsfaktor Coaching\",\"potentialAction\":[{\"@type\":\"SearchAction\",\"target\":{\"@type\":\"EntryPoint\",\"urlTemplate\":\"https:\/\/erfolgsfaktor.de\/coaching-steuerberater\/?s={search_term_string}\"},\"query-input\":{\"@type\":\"PropertyValueSpecification\",\"valueRequired\":true,\"valueName\":\"search_term_string\"}}],\"inLanguage\":\"de\"}]}<\/script>\n<!-- \/ Yoast SEO plugin. -->","yoast_head_json":{"title":"Konflikte Steuerberater - Coaching Steuerberater","description":"Coaching Konflikte f\u00fcr Steuerberater + Wirtschaftspr\u00fcfer Konfliktmanagement, Konfliktl\u00f6sungen, Konfliktcoaching, Konflikthandling, Mediation","robots":{"index":"index","follow":"follow","max-snippet":"max-snippet:-1","max-image-preview":"max-image-preview:large","max-video-preview":"max-video-preview:-1"},"canonical":"https:\/\/erfolgsfaktor.de\/coaching-steuerberater\/konflikte-steuerberater-wirtschaftspruefer\/","og_locale":"de_DE","og_type":"article","og_title":"Konflikte Steuerberater - Coaching Steuerberater","og_description":"Coaching Konflikte f\u00fcr Steuerberater + Wirtschaftspr\u00fcfer Konfliktmanagement, Konfliktl\u00f6sungen, Konfliktcoaching, Konflikthandling, Mediation","og_url":"https:\/\/erfolgsfaktor.de\/coaching-steuerberater\/konflikte-steuerberater-wirtschaftspruefer\/","og_site_name":"Coaching Steuerberater","article_modified_time":"2020-10-29T13:58:47+00:00","og_image":[{"width":200,"height":200,"url":"https:\/\/erfolgsfaktor.de\/coaching-steuerberater\/wp-content\/uploads\/sites\/4\/2020\/09\/Konflikte-Steuerberater.gif","type":"image\/gif"}],"twitter_card":"summary_large_image","twitter_misc":{"Gesch\u00e4tzte Lesezeit":"3\u00a0Minuten"},"schema":{"@context":"https:\/\/schema.org","@graph":[{"@type":"WebPage","@id":"https:\/\/erfolgsfaktor.de\/coaching-steuerberater\/konflikte-steuerberater-wirtschaftspruefer\/","url":"https:\/\/erfolgsfaktor.de\/coaching-steuerberater\/konflikte-steuerberater-wirtschaftspruefer\/","name":"Konflikte Steuerberater - Coaching Steuerberater","isPartOf":{"@id":"https:\/\/erfolgsfaktor.de\/coaching-steuerberater\/#website"},"primaryImageOfPage":{"@id":"https:\/\/erfolgsfaktor.de\/coaching-steuerberater\/konflikte-steuerberater-wirtschaftspruefer\/#primaryimage"},"image":{"@id":"https:\/\/erfolgsfaktor.de\/coaching-steuerberater\/konflikte-steuerberater-wirtschaftspruefer\/#primaryimage"},"thumbnailUrl":"https:\/\/erfolgsfaktor.de\/coaching-steuerberater\/wp-content\/uploads\/sites\/4\/2020\/09\/Konflikte-Steuerberater.gif","datePublished":"2020-09-24T13:40:34+00:00","dateModified":"2020-10-29T13:58:47+00:00","description":"Coaching Konflikte f\u00fcr Steuerberater + Wirtschaftspr\u00fcfer Konfliktmanagement, Konfliktl\u00f6sungen, Konfliktcoaching, Konflikthandling, Mediation","breadcrumb":{"@id":"https:\/\/erfolgsfaktor.de\/coaching-steuerberater\/konflikte-steuerberater-wirtschaftspruefer\/#breadcrumb"},"inLanguage":"de","potentialAction":[{"@type":"ReadAction","target":["https:\/\/erfolgsfaktor.de\/coaching-steuerberater\/konflikte-steuerberater-wirtschaftspruefer\/"]}]},{"@type":"ImageObject","inLanguage":"de","@id":"https:\/\/erfolgsfaktor.de\/coaching-steuerberater\/konflikte-steuerberater-wirtschaftspruefer\/#primaryimage","url":"https:\/\/erfolgsfaktor.de\/coaching-steuerberater\/wp-content\/uploads\/sites\/4\/2020\/09\/Konflikte-Steuerberater.gif","contentUrl":"https:\/\/erfolgsfaktor.de\/coaching-steuerberater\/wp-content\/uploads\/sites\/4\/2020\/09\/Konflikte-Steuerberater.gif","width":200,"height":200,"caption":"Konflikte Steuerberater und Wirtschaftspr\u00fcfer"},{"@type":"BreadcrumbList","@id":"https:\/\/erfolgsfaktor.de\/coaching-steuerberater\/konflikte-steuerberater-wirtschaftspruefer\/#breadcrumb","itemListElement":[{"@type":"ListItem","position":1,"name":"Startseite","item":"https:\/\/erfolgsfaktor.de\/coaching-steuerberater\/"},{"@type":"ListItem","position":2,"name":"Konflikte Steuerberater"}]},{"@type":"WebSite","@id":"https:\/\/erfolgsfaktor.de\/coaching-steuerberater\/#website","url":"https:\/\/erfolgsfaktor.de\/coaching-steuerberater\/","name":"Coaching Steuerberater","description":"Erfolgsfaktor Coaching","potentialAction":[{"@type":"SearchAction","target":{"@type":"EntryPoint","urlTemplate":"https:\/\/erfolgsfaktor.de\/coaching-steuerberater\/?s={search_term_string}"},"query-input":{"@type":"PropertyValueSpecification","valueRequired":true,"valueName":"search_term_string"}}],"inLanguage":"de"}]}},"_links":{"self":[{"href":"https:\/\/erfolgsfaktor.de\/coaching-steuerberater\/wp-json\/wp\/v2\/pages\/318","targetHints":{"allow":["GET"]}}],"collection":[{"href":"https:\/\/erfolgsfaktor.de\/coaching-steuerberater\/wp-json\/wp\/v2\/pages"}],"about":[{"href":"https:\/\/erfolgsfaktor.de\/coaching-steuerberater\/wp-json\/wp\/v2\/types\/page"}],"author":[{"embeddable":true,"href":"https:\/\/erfolgsfaktor.de\/coaching-steuerberater\/wp-json\/wp\/v2\/users\/1"}],"replies":[{"embeddable":true,"href":"https:\/\/erfolgsfaktor.de\/coaching-steuerberater\/wp-json\/wp\/v2\/comments?post=318"}],"version-history":[{"count":8,"href":"https:\/\/erfolgsfaktor.de\/coaching-steuerberater\/wp-json\/wp\/v2\/pages\/318\/revisions"}],"predecessor-version":[{"id":444,"href":"https:\/\/erfolgsfaktor.de\/coaching-steuerberater\/wp-json\/wp\/v2\/pages\/318\/revisions\/444"}],"wp:featuredmedia":[{"embeddable":true,"href":"https:\/\/erfolgsfaktor.de\/coaching-steuerberater\/wp-json\/wp\/v2\/media\/259"}],"wp:attachment":[{"href":"https:\/\/erfolgsfaktor.de\/coaching-steuerberater\/wp-json\/wp\/v2\/media?parent=318"}],"curies":[{"name":"wp","href":"https:\/\/api.w.org\/{rel}","templated":true}]}}