{"id":179,"date":"2020-09-18T13:34:09","date_gmt":"2020-09-18T11:34:09","guid":{"rendered":"https:\/\/erfolgsfaktor.de\/steuerberater\/?page_id=179"},"modified":"2020-09-23T08:39:19","modified_gmt":"2020-09-23T06:39:19","slug":"seminare-kommunikation-steuerberater","status":"publish","type":"page","link":"https:\/\/erfolgsfaktor.de\/coaching-steuerberater\/seminare-kommunikation-steuerberater\/","title":{"rendered":"Seminare Kommunikation Steuerberater"},"content":{"rendered":"\n<p><strong>Seminare Kommunikation Steuerberater und Wirtschaftspr\u00fcfer<\/strong> ist eine Auswahl von Seminaren rund um die Themen Kommunikation, Gespr\u00e4chsf\u00fchrung, Schlagfertigkeit, Wortwahl, Tonfall, non-verbale Kommunikation, wertsch\u00e4tzende Kommunikation und Rhetorik. <\/p>\n\n\n\n<p>Es verlinkt zu den <strong>Kommunikationstrainings aus dem MTO-Consulting Seminarangebot<\/strong>, die insbesondere f\u00fcr Mitarbeiter m\/w\/d, F\u00fchrungskr\u00e4fte, Partner und Gesch\u00e4ftsleitung in Steuerberatung und Wirtschaftspr\u00fcfung relevant sind.<\/p>\n\n\n\n<figure class=\"wp-block-image size-large\"><img loading=\"lazy\" decoding=\"async\" width=\"200\" height=\"200\" src=\"https:\/\/erfolgsfaktor.de\/coaching-steuerberater\/wp-content\/uploads\/sites\/4\/2020\/09\/01-mto-seminare.gif\" alt=\"Seminare f\u00fcr Steuerberater\" class=\"wp-image-181\"\/><figcaption>Seminare f\u00fcr Steuerberater<\/figcaption><\/figure>\n\n\n\n<h2 class=\"wp-block-heading\">Seminare Kommunikation f\u00fcr Steuerberater<\/h2>\n\n\n\n<figure class=\"wp-block-image alignwide size-large\"><img decoding=\"async\" src=\"https:\/\/www.mto-consulting.de\/Bilder\/Seminar-Kommunikation-Gespraechskunst.gif\" alt=\"\"\/><\/figure>\n\n\n\n<h3 class=\"wp-block-heading\"><strong>Seminare <\/strong>f\u00fcr Steuerberater<br><strong>Kommunikation + Gespr\u00e4chsf\u00fchrung<\/strong><\/h3>\n\n\n\n<ul class=\"wp-block-list\"><li><strong>Psychologische&nbsp;Grundlagen und Werkzeuge<\/strong><\/li><li>Kommunikation +&nbsp;<strong>Wirkung<\/strong>: Gespr\u00e4chsf\u00fchrung mit&nbsp;<strong>starker Pers\u00f6nlichkeit<\/strong><\/li><li>Kommunikation&nbsp;<strong>verbale Ebene<\/strong>: Gespr\u00e4chsf\u00fchrung mit&nbsp;<strong>starken Worten<\/strong><\/li><li>Kommunikation +&nbsp;<strong>Widerstand<\/strong>: Gespr\u00e4chsf\u00fchrung&nbsp;<strong>hart auf hart<\/strong><\/li><li>Psychologie +&nbsp;<strong>L\u00f6sung<\/strong>: Gespr\u00e4chsf\u00fchrung mit der&nbsp;<strong>Kraft der L\u00f6sung<\/strong><\/li><\/ul>\n\n\n\n<div class=\"wp-block-buttons is-layout-flex wp-block-buttons-is-layout-flex\">\n<div class=\"wp-block-button\"><a class=\"wp-block-button__link\" href=\"https:\/\/www.mto-consulting.de\/Kommunikation.htm\" target=\"_blank\" rel=\"noreferrer noopener\">Seminar Kommunikation + Gespr\u00e4chsf\u00fchrung<\/a><\/div>\n<\/div>\n\n\n\n<h2 class=\"wp-block-heading\">Seminare Kommunikation f\u00fcr Steuerberater<\/h2>\n\n\n\n<h2 class=\"wp-block-heading\">Der Ton macht die Musik <\/h2>\n\n\n\n<figure class=\"wp-block-image alignwide size-large\"><img decoding=\"async\" src=\"https:\/\/www.mto-consulting.de\/Bilder\/Seminar-Ton-macht-die-Musik-Diplomatie.gif\" alt=\"\"\/><figcaption>Seminar Der Ton macht die Musik &#8211; Coaching f\u00fcr Steuerberater und Wirtschaftspr\u00fcfer<\/figcaption><\/figure>\n\n\n\n<h3 class=\"wp-block-heading\">diplomatisch mehr erreichen als Steuerberater + Wirtschaftspr\u00fcfer<\/h3>\n\n\n\n<ul class=\"wp-block-list\"><li>Der Ton macht die Musik in Meetings und Besprechungen<\/li><li><strong>Diplomatie und Fingerspitzengef\u00fchl bei verbalen Inputs<\/strong><\/li><li>Der&nbsp;<strong>Ton macht die Musik bei negativen Themen<\/strong>&nbsp;(Fehler, Kritik, Nein-Sagen, Einw\u00e4nde,&#8230;)<\/li><li>Diplomatie und Fingerspitzengef\u00fchl f\u00fcr das Vertreten eigener Positionen<\/li><li>Der Ton macht die Musik im Umgang mit Einw\u00e4nden und Widerstand<\/li><li><strong>Diplomatie in kritischen Situationen: keep cool in tricky situations<\/strong><\/li><\/ul>\n\n\n\n<div class=\"wp-block-buttons is-layout-flex wp-block-buttons-is-layout-flex\">\n<div class=\"wp-block-button\"><a class=\"wp-block-button__link\" href=\"https:\/\/www.mto-consulting.de\/Seminar-Ton-macht-die-Musik-Diplomatie.htm\" target=\"_blank\" rel=\"noreferrer noopener\">Seminar Der Ton macht die Musik<\/a><\/div>\n<\/div>\n\n\n\n<h2 class=\"wp-block-heading\" id=\"block-7f6be20f-aefc-4847-9ee1-2aa6d4136297\">Seminare Kommunikation f\u00fcr Steuerberater<\/h2>\n\n\n\n<h3 class=\"wp-block-heading\">Wertsch\u00e4tzende Kommunikation<\/h3>\n\n\n\n<figure class=\"wp-block-image alignwide size-large\"><img decoding=\"async\" src=\"https:\/\/www.mto-consulting.de\/Bilder\/Wertschaetzende-Kommunikation.gif\" alt=\"\"\/><figcaption>Seminar f\u00fcr Steuerberater Wertsch\u00e4tzende Kommunikation<\/figcaption><\/figure>\n\n\n\n<h3 class=\"wp-block-heading\">Seminar wertsch\u00e4tzende Kommunikation<\/h3>\n\n\n\n<ul class=\"wp-block-list\"><li><strong>Wertsch\u00e4tzende Kommunikation mit Charisma, Ausstrahlung und starker Pers\u00f6nlichkeit<\/strong><br>Gestik, K\u00f6rperhaltung und pers\u00f6nliche Wirkung als Quellen der Wertsch\u00e4tzung<\/li><li><strong>Wertsch\u00e4tzende Kommunikation Worte mit Wert und Respekt<\/strong><br>Wortwahl und W\u00fcrdigung, Tonfall und Betonung, Lob und Anerkennung, verbale Wertsch\u00e4tzung<\/li><li><strong>Wertsch\u00e4tzende Kommunikation f\u00fcr schwierige Situationen<\/strong><br>Wertsch\u00e4tzung und Augenh\u00f6he bei Einw\u00e4nden, Angriffen und harten Bandagen<\/li><li><strong>Wertsch\u00e4tzende Kommunikation mit der Kraft der L\u00f6sung<\/strong><br>Wertsch\u00e4tzung und L\u00f6sungsfokus<\/li><\/ul>\n\n\n\n<div class=\"wp-block-buttons is-layout-flex wp-block-buttons-is-layout-flex\">\n<div class=\"wp-block-button\"><a class=\"wp-block-button__link\" href=\"\" target=\"_blank\" rel=\"noreferrer noopener\">Seminar Wertsch\u00e4tzende Kommunikation<\/a><\/div>\n<\/div>\n\n\n\n<figure class=\"wp-block-image size-large\"><img loading=\"lazy\" decoding=\"async\" width=\"200\" height=\"200\" src=\"https:\/\/erfolgsfaktor.de\/coaching-steuerberater\/wp-content\/uploads\/sites\/4\/2020\/09\/Seminare-fuer-Steuerberater.gif\" alt=\"Seminare f\u00fcr Steuerberater\" class=\"wp-image-180\"\/><\/figure>\n\n\n\n<h2 class=\"wp-block-heading\" id=\"block-7f6be20f-aefc-4847-9ee1-2aa6d4136297\">Seminare Kommunikation f\u00fcr Steuerberater<\/h2>\n\n\n\n<h2 class=\"wp-block-heading\">schlagfertig + souver\u00e4n<\/h2>\n\n\n\n<figure class=\"wp-block-image alignwide size-large\"><img decoding=\"async\" src=\"https:\/\/www.mto-consulting.de\/Bilder\/Seminar-Schlagfertigkeit.gif\" alt=\"\"\/><figcaption>Schlagfertigkeit &#8211; schlagfertig souver\u00e4n kontern<\/figcaption><\/figure>\n\n\n\n<h3 class=\"wp-block-heading\">Schlagfertigkeit f\u00fcr den beruflichen Alltag in der Steuerberatung<\/h3>\n\n\n\n<ul class=\"wp-block-list\"><li>Werkzeuge f\u00fcr eine&nbsp;<strong>bessere, spontane + situativ passende Schlagfertigkeit<\/strong><\/li><li><strong>Schlagfertigkeit erfordert Speed<\/strong>: die schlagfertige Reaktion beschleunigen<\/li><li>Sicher + souver\u00e4n&nbsp;<strong>Verbalattacken + Spr\u00fcche kontern<\/strong><\/li><li><strong>Schlagfertigkeit f\u00fcr Killerphrasen<\/strong>&nbsp;und Gegenreden<\/li><li><strong>Schlagfertig reagieren bei Drohungen<\/strong>, Unterstellungen und verbalen Angriffen<\/li><li>Schlagfertigkeit als&nbsp;<strong>Konter f\u00fcr destruktive Kommunikation<\/strong><\/li><\/ul>\n\n\n\n<figure class=\"wp-block-image size-large\"><img loading=\"lazy\" decoding=\"async\" width=\"200\" height=\"200\" src=\"https:\/\/erfolgsfaktor.de\/coaching-steuerberater\/wp-content\/uploads\/sites\/4\/2020\/09\/Seminare-fuer-Steuerberater.gif\" alt=\"Seminare f\u00fcr Steuerberater\" class=\"wp-image-180\"\/><\/figure>\n\n\n\n<h2 class=\"wp-block-heading\" id=\"block-7f6be20f-aefc-4847-9ee1-2aa6d4136297\">Seminare Kommunikation f\u00fcr Steuerberater<\/h2>\n\n\n\n<h3 class=\"wp-block-heading\"><strong>Gespr\u00e4chsf\u00fchrung 4 Professionals<\/strong><\/h3>\n\n\n\n<figure class=\"wp-block-image alignwide size-large\"><img decoding=\"async\" src=\"https:\/\/www.mto-consulting.de\/Bilder\/Seminar-Gespraechsfuehrung.gif\" alt=\"\"\/><figcaption>Seminar&nbsp;<strong>Gespr\u00e4chsf\u00fchrung 4 Professionals<\/strong><\/figcaption><\/figure>\n\n\n\n<h5 class=\"wp-block-heading\">Das Seminar&nbsp;<strong>Gespr\u00e4chsf\u00fchrung 4 Professionals<\/strong>&nbsp;st\u00e4rkt nachhaltig die 4 zentralen Skills:<\/h5>\n\n\n\n<ul class=\"wp-block-list\"><li><strong>Gespr\u00e4chsf\u00fchrung mit starker Pers\u00f6nlichkeit<\/strong><\/li><li><strong>Gespr\u00e4chsf\u00fchrung mit \u00fcberzeugenden Worten<\/strong><\/li><li><strong>Gespr\u00e4chsf\u00fchrung bei Widerstand und Unsachlichkeit<\/strong><\/li><li><strong>Gespr\u00e4chsf\u00fchrung l\u00f6sungsorientiert. Gespr\u00e4che mit der Kraft der L\u00f6sung<\/strong><\/li><\/ul>\n\n\n\n<div class=\"wp-block-buttons is-layout-flex wp-block-buttons-is-layout-flex\">\n<div class=\"wp-block-button\"><a class=\"wp-block-button__link\">Seminar Gespr\u00e4chsf\u00fchrung 4 Professionals<\/a><\/div>\n<\/div>\n\n\n\n<h2 class=\"wp-block-heading\" id=\"block-7f6be20f-aefc-4847-9ee1-2aa6d4136297\">Seminare Kommunikation f\u00fcr Steuerberater<\/h2>\n\n\n\n<h2 class=\"wp-block-heading\">Einwandbehandlung<\/h2>\n\n\n\n<figure class=\"wp-block-image alignwide size-large\"><img decoding=\"async\" src=\"https:\/\/www.mto-consulting.de\/Bilder\/Seminar-Einwandbehandlung.gif\" alt=\"\"\/><figcaption>Seminar Einwandbehandlung f\u00fcr Steuerberater und Wirtschaftspr\u00fcfer<\/figcaption><\/figure>\n\n\n\n<h2 class=\"wp-block-heading\">Einwandbehandlung<\/h2>\n\n\n\n<ul class=\"wp-block-list\"><li><strong>Psychologie des Einwands und der Einwandbehandlung, Grundlagen und Werkzeuge<\/strong><\/li><li><strong>Einwandbehandlung mit psychologischen Werkzeugen und starker Pers\u00f6nlichkeit<\/strong><\/li><li><strong>Einwandbehandlung mit psychologischen Fingerspitzengef\u00fchl und starken Worten<\/strong><\/li><li><strong>Einwandbehandlung hart auf hart, Schlagfertigkeit + psychologische Tricks<\/strong><\/li><li><strong>Einwandbehandlung mit der psychologischen Kraft der L\u00f6sung<\/strong><\/li><\/ul>\n\n\n\n<figure class=\"wp-block-image size-large\"><img loading=\"lazy\" decoding=\"async\" width=\"200\" height=\"200\" src=\"https:\/\/erfolgsfaktor.de\/coaching-steuerberater\/wp-content\/uploads\/sites\/4\/2020\/09\/Teilnehmer-Feedback.gif\" alt=\"Teilnehmer Feedback\" class=\"wp-image-51\"\/><\/figure>\n\n\n\n<blockquote class=\"wp-block-quote is-layout-flow wp-block-quote-is-layout-flow\"><p>Thanks you for the vocabulary, most helpful!<\/p><cite>Teilnehmerfeedback<\/cite><\/blockquote>\n\n\n\n<blockquote class=\"wp-block-quote is-layout-flow wp-block-quote-is-layout-flow\"><p>Wir hatten einen wichtigen Kunden zu Besuch und ich hatte eine Pr\u00e4sentation vorbereitet. Wie erwartet kamen einige kritische Einw\u00e4nde, die ich wunderbar mit &#8220; Es geht ihnen um &#8230;. unabh\u00e4ngig davon,&#8230;&#8220; meistern konnte. Und zum ersten Mal habe ich dabei ein bewusstes Nicken des Kunden wahrgenommen, als ich seine Punkte nochmals zusammenfasste.<\/p><cite>Teilnehmerfeedback<\/cite><\/blockquote>\n\n\n\n<div class=\"wp-block-buttons is-layout-flex wp-block-buttons-is-layout-flex\">\n<div class=\"wp-block-button\"><a class=\"wp-block-button__link\" href=\"https:\/\/www.mto-consulting.de\/Einwandbehandlung.htm\" target=\"_blank\" rel=\"noreferrer noopener\">Seminar Einwandbehandlung<\/a><\/div>\n<\/div>\n\n\n\n<h2 class=\"wp-block-heading\" id=\"block-7f6be20f-aefc-4847-9ee1-2aa6d4136297\">Seminare Kommunikation f\u00fcr Steuerberater<\/h2>\n\n\n\n<h2 class=\"wp-block-heading\">Fragetechniken<\/h2>\n\n\n\n<figure class=\"wp-block-image alignwide size-large\"><img decoding=\"async\" src=\"https:\/\/www.mto-consulting.de\/Bilder\/Seminar-Fragetechniken.gif\" alt=\"\"\/><figcaption>Seminare f\u00fcr Steuerberater Fragetechniken<\/figcaption><\/figure>\n\n\n\n<h5 class=\"wp-block-heading\">Seminar Fragetechniken<\/h5>\n\n\n\n<ul class=\"wp-block-list\"><li>Scouting: die besten Fragetypen und Fragearten f\u00fcr Ihren beruflichen Kontext<\/li><li>100% aktives Training: Fragetechniken und Fragepraxis.<\/li><li>Die besten Fragetechniken, um Informationen zu bekommen.<\/li><li>Die besten Fragetechniken, um Ihr Gegen\u00fcber zu \u00f6ffnen und zu involvieren.<\/li><li>Die besten Fragetechniken, f\u00fcr berufliche Gespr\u00e4che.<\/li><li>Die besten Fragetechniken f\u00fcr die Spielbeeinflussung und Steuerung der Mitspieler.<\/li><li>Die besten Fragetechniken f\u00fcr Beratung, F\u00fchrung, Human Resources, Sales und Key Account*<\/li><\/ul>\n\n\n\n<div class=\"wp-block-buttons is-layout-flex wp-block-buttons-is-layout-flex\">\n<div class=\"wp-block-button\"><a class=\"wp-block-button__link\" href=\"https:\/\/www.mto-consulting.de\/Fragetechniken.htm\" target=\"_blank\" rel=\"noreferrer noopener\">Seminar Fragetechniken<\/a><\/div>\n<\/div>\n\n\n\n<h2 class=\"wp-block-heading\" id=\"block-7f6be20f-aefc-4847-9ee1-2aa6d4136297\">Seminare Kommunikation f\u00fcr Steuerberater<\/h2>\n\n\n\n<h2 class=\"wp-block-heading\">Keep Cool in tricky situations<\/h2>\n\n\n\n<figure class=\"wp-block-image alignwide size-large\"><img decoding=\"async\" src=\"https:\/\/www.mto-consulting.de\/Bilder\/Seminar-Keep-Cool-tricky-situations.gif\" alt=\"\"\/><figcaption>Seminare f\u00fcr Steuerberater Keep Cool in tricky situations<\/figcaption><\/figure>\n\n\n\n<h2 class=\"wp-block-heading\">Seminar Keep Cool in tricky situations<\/h2>\n\n\n\n<ul class=\"wp-block-list\"><li><strong>Keep cool in tricky situations &#8211; Die Kunst der gelassenen und souver\u00e4nen Reaktion<\/strong><br>Die psychologischen Grundlagen um Cool zu bleiben plus psychologische Werkzeuge<\/li><li><strong>Coolness + Pers\u00f6nlichkeit<\/strong>:<br>Keep cool in tricky situations: Innere St\u00e4rke und Gelassenheit aufbauen, die eigene Pers\u00f6nlichkeit st\u00e4rken<\/li><li><strong>Keep cool in tricky situations &#8211; Schlagfertigkeit und verbale Werkzeuge<\/strong><br>Schlagfertigkeit, Souver\u00e4nit\u00e4t und verbale St\u00e4rke<\/li><li><strong>Keep cool in tricky situations &#8211; Umgang mit harten Bandagen<\/strong><br>sich nicht treffen lassen, klare Grenzen ziehen &#8211; Keep Cool bei Angriffen, Killerphrasen, Drohungen und Unsachlichkeiten<\/li><li><strong>Keep cool in tricky situations &#8211; die Kraft der L\u00f6sung<\/strong>:<br>Solution Fokus: Nutzen Sie die psychologische Kraft der L\u00f6sung<\/li><\/ul>\n\n\n\n<div class=\"wp-block-buttons is-layout-flex wp-block-buttons-is-layout-flex\">\n<div class=\"wp-block-button\"><a class=\"wp-block-button__link\" href=\"\" target=\"_blank\" rel=\"noreferrer noopener\">Seminar Keep Cool in tricky situations<\/a><\/div>\n<\/div>\n\n\n\n<h2 class=\"wp-block-heading\" id=\"block-7f6be20f-aefc-4847-9ee1-2aa6d4136297\">Seminare f\u00fcr Steuerberater<\/h2>\n\n\n\n<figure class=\"wp-block-image size-large\"><img loading=\"lazy\" decoding=\"async\" width=\"200\" height=\"200\" src=\"https:\/\/erfolgsfaktor.de\/coaching-steuerberater\/wp-content\/uploads\/sites\/4\/2020\/09\/Seminare-fuer-Steuerberater.gif\" alt=\"Seminare f\u00fcr Steuerberater\" class=\"wp-image-180\"\/><figcaption>Seminare Steuerberatung und Wirtschaftspr\u00fcfung<\/figcaption><\/figure>\n\n\n\n<div class=\"wp-block-cover has-secondary-background-color has-background-dim\"><div class=\"wp-block-cover__inner-container is-layout-flow wp-block-cover-is-layout-flow\">\n<p class=\"has-text-align-center has-primary-color has-background-background-color has-text-color has-background has-larger-font-size\"><a href=\"https:\/\/erfolgsfaktor.de\/coaching-steuerberater\/seminare-steuerberater\/\">zur\u00fcck zur \u00dcbersicht<br>Seminare f\u00fcr Steuerberater<\/a><\/p>\n<\/div><\/div>\n\n\n\n<p><\/p>\n","protected":false},"excerpt":{"rendered":"<p>Seminare Kommunikation Steuerberater und Wirtschaftspr\u00fcfer ist eine Auswahl von Seminaren rund um die Themen Kommunikation, Gespr\u00e4chsf\u00fchrung, Schlagfertigkeit, Wortwahl, Tonfall, non-verbale Kommunikation, wertsch\u00e4tzende Kommunikation und Rhetorik. Es verlinkt zu den Kommunikationstrainings aus dem MTO-Consulting Seminarangebot, die insbesondere f\u00fcr Mitarbeiter m\/w\/d, F\u00fchrungskr\u00e4fte, Partner und Gesch\u00e4ftsleitung in Steuerberatung und Wirtschaftspr\u00fcfung relevant sind. Seminare Kommunikation f\u00fcr Steuerberater Seminare f\u00fcr&hellip;&nbsp;<a href=\"https:\/\/erfolgsfaktor.de\/coaching-steuerberater\/seminare-kommunikation-steuerberater\/\" rel=\"bookmark\">Weiterlesen &raquo;<span class=\"screen-reader-text\">Seminare Kommunikation Steuerberater<\/span><\/a><\/p>\n","protected":false},"author":1,"featured_media":180,"parent":0,"menu_order":0,"comment_status":"closed","ping_status":"closed","template":"","meta":{"neve_meta_sidebar":"","neve_meta_container":"","neve_meta_enable_content_width":"","neve_meta_content_width":0,"neve_meta_title_alignment":"","neve_meta_author_avatar":"","neve_post_elements_order":"","neve_meta_disable_header":"","neve_meta_disable_footer":"","neve_meta_disable_title":"","footnotes":""},"class_list":["post-179","page","type-page","status-publish","has-post-thumbnail","hentry"],"yoast_head":"<!-- This site is optimized with the Yoast SEO plugin v26.8 - https:\/\/yoast.com\/product\/yoast-seo-wordpress\/ -->\n<title>Seminare Kommunikation Steuerberater - Coaching Steuerberater<\/title>\n<meta name=\"description\" content=\"Seminare Kommunikation f\u00fcr Steuerberater und Wirtschaftspr\u00fcfer, Kommunikationstrainings, Gespr\u00e4chsf\u00fchrug, Schlagfertigkeit, Diplomatie\" \/>\n<meta name=\"robots\" content=\"index, follow, max-snippet:-1, max-image-preview:large, max-video-preview:-1\" \/>\n<link rel=\"canonical\" href=\"https:\/\/erfolgsfaktor.de\/coaching-steuerberater\/seminare-kommunikation-steuerberater\/\" \/>\n<meta property=\"og:locale\" content=\"de_DE\" \/>\n<meta property=\"og:type\" content=\"article\" \/>\n<meta property=\"og:title\" content=\"Seminare Kommunikation Steuerberater - Coaching Steuerberater\" \/>\n<meta property=\"og:description\" content=\"Seminare Kommunikation f\u00fcr Steuerberater und Wirtschaftspr\u00fcfer, Kommunikationstrainings, Gespr\u00e4chsf\u00fchrug, Schlagfertigkeit, Diplomatie\" \/>\n<meta property=\"og:url\" content=\"https:\/\/erfolgsfaktor.de\/coaching-steuerberater\/seminare-kommunikation-steuerberater\/\" \/>\n<meta property=\"og:site_name\" content=\"Coaching Steuerberater\" \/>\n<meta property=\"article:modified_time\" content=\"2020-09-23T06:39:19+00:00\" \/>\n<meta property=\"og:image\" content=\"https:\/\/erfolgsfaktor.de\/coaching-steuerberater\/wp-content\/uploads\/sites\/4\/2020\/09\/Seminare-fuer-Steuerberater.gif\" \/>\n\t<meta property=\"og:image:width\" content=\"200\" \/>\n\t<meta property=\"og:image:height\" content=\"200\" \/>\n\t<meta property=\"og:image:type\" content=\"image\/gif\" \/>\n<meta name=\"twitter:card\" content=\"summary_large_image\" \/>\n<meta name=\"twitter:label1\" content=\"Gesch\u00e4tzte Lesezeit\" \/>\n\t<meta name=\"twitter:data1\" content=\"4\u00a0Minuten\" \/>\n<script type=\"application\/ld+json\" class=\"yoast-schema-graph\">{\"@context\":\"https:\/\/schema.org\",\"@graph\":[{\"@type\":\"WebPage\",\"@id\":\"https:\/\/erfolgsfaktor.de\/coaching-steuerberater\/seminare-kommunikation-steuerberater\/\",\"url\":\"https:\/\/erfolgsfaktor.de\/coaching-steuerberater\/seminare-kommunikation-steuerberater\/\",\"name\":\"Seminare Kommunikation Steuerberater - Coaching Steuerberater\",\"isPartOf\":{\"@id\":\"https:\/\/erfolgsfaktor.de\/coaching-steuerberater\/#website\"},\"primaryImageOfPage\":{\"@id\":\"https:\/\/erfolgsfaktor.de\/coaching-steuerberater\/seminare-kommunikation-steuerberater\/#primaryimage\"},\"image\":{\"@id\":\"https:\/\/erfolgsfaktor.de\/coaching-steuerberater\/seminare-kommunikation-steuerberater\/#primaryimage\"},\"thumbnailUrl\":\"https:\/\/erfolgsfaktor.de\/coaching-steuerberater\/wp-content\/uploads\/sites\/4\/2020\/09\/Seminare-fuer-Steuerberater.gif\",\"datePublished\":\"2020-09-18T11:34:09+00:00\",\"dateModified\":\"2020-09-23T06:39:19+00:00\",\"description\":\"Seminare Kommunikation f\u00fcr Steuerberater und Wirtschaftspr\u00fcfer, Kommunikationstrainings, Gespr\u00e4chsf\u00fchrug, Schlagfertigkeit, Diplomatie\",\"breadcrumb\":{\"@id\":\"https:\/\/erfolgsfaktor.de\/coaching-steuerberater\/seminare-kommunikation-steuerberater\/#breadcrumb\"},\"inLanguage\":\"de\",\"potentialAction\":[{\"@type\":\"ReadAction\",\"target\":[\"https:\/\/erfolgsfaktor.de\/coaching-steuerberater\/seminare-kommunikation-steuerberater\/\"]}]},{\"@type\":\"ImageObject\",\"inLanguage\":\"de\",\"@id\":\"https:\/\/erfolgsfaktor.de\/coaching-steuerberater\/seminare-kommunikation-steuerberater\/#primaryimage\",\"url\":\"https:\/\/erfolgsfaktor.de\/coaching-steuerberater\/wp-content\/uploads\/sites\/4\/2020\/09\/Seminare-fuer-Steuerberater.gif\",\"contentUrl\":\"https:\/\/erfolgsfaktor.de\/coaching-steuerberater\/wp-content\/uploads\/sites\/4\/2020\/09\/Seminare-fuer-Steuerberater.gif\",\"width\":200,\"height\":200,\"caption\":\"Seminare f\u00fcr Steuerberater\"},{\"@type\":\"BreadcrumbList\",\"@id\":\"https:\/\/erfolgsfaktor.de\/coaching-steuerberater\/seminare-kommunikation-steuerberater\/#breadcrumb\",\"itemListElement\":[{\"@type\":\"ListItem\",\"position\":1,\"name\":\"Startseite\",\"item\":\"https:\/\/erfolgsfaktor.de\/coaching-steuerberater\/\"},{\"@type\":\"ListItem\",\"position\":2,\"name\":\"Seminare Kommunikation Steuerberater\"}]},{\"@type\":\"WebSite\",\"@id\":\"https:\/\/erfolgsfaktor.de\/coaching-steuerberater\/#website\",\"url\":\"https:\/\/erfolgsfaktor.de\/coaching-steuerberater\/\",\"name\":\"Coaching Steuerberater\",\"description\":\"Erfolgsfaktor Coaching\",\"potentialAction\":[{\"@type\":\"SearchAction\",\"target\":{\"@type\":\"EntryPoint\",\"urlTemplate\":\"https:\/\/erfolgsfaktor.de\/coaching-steuerberater\/?s={search_term_string}\"},\"query-input\":{\"@type\":\"PropertyValueSpecification\",\"valueRequired\":true,\"valueName\":\"search_term_string\"}}],\"inLanguage\":\"de\"}]}<\/script>\n<!-- \/ Yoast SEO plugin. -->","yoast_head_json":{"title":"Seminare Kommunikation Steuerberater - Coaching Steuerberater","description":"Seminare Kommunikation f\u00fcr Steuerberater und Wirtschaftspr\u00fcfer, Kommunikationstrainings, Gespr\u00e4chsf\u00fchrug, Schlagfertigkeit, Diplomatie","robots":{"index":"index","follow":"follow","max-snippet":"max-snippet:-1","max-image-preview":"max-image-preview:large","max-video-preview":"max-video-preview:-1"},"canonical":"https:\/\/erfolgsfaktor.de\/coaching-steuerberater\/seminare-kommunikation-steuerberater\/","og_locale":"de_DE","og_type":"article","og_title":"Seminare Kommunikation Steuerberater - Coaching Steuerberater","og_description":"Seminare Kommunikation f\u00fcr Steuerberater und Wirtschaftspr\u00fcfer, Kommunikationstrainings, Gespr\u00e4chsf\u00fchrug, Schlagfertigkeit, Diplomatie","og_url":"https:\/\/erfolgsfaktor.de\/coaching-steuerberater\/seminare-kommunikation-steuerberater\/","og_site_name":"Coaching Steuerberater","article_modified_time":"2020-09-23T06:39:19+00:00","og_image":[{"width":200,"height":200,"url":"https:\/\/erfolgsfaktor.de\/coaching-steuerberater\/wp-content\/uploads\/sites\/4\/2020\/09\/Seminare-fuer-Steuerberater.gif","type":"image\/gif"}],"twitter_card":"summary_large_image","twitter_misc":{"Gesch\u00e4tzte Lesezeit":"4\u00a0Minuten"},"schema":{"@context":"https:\/\/schema.org","@graph":[{"@type":"WebPage","@id":"https:\/\/erfolgsfaktor.de\/coaching-steuerberater\/seminare-kommunikation-steuerberater\/","url":"https:\/\/erfolgsfaktor.de\/coaching-steuerberater\/seminare-kommunikation-steuerberater\/","name":"Seminare Kommunikation Steuerberater - Coaching Steuerberater","isPartOf":{"@id":"https:\/\/erfolgsfaktor.de\/coaching-steuerberater\/#website"},"primaryImageOfPage":{"@id":"https:\/\/erfolgsfaktor.de\/coaching-steuerberater\/seminare-kommunikation-steuerberater\/#primaryimage"},"image":{"@id":"https:\/\/erfolgsfaktor.de\/coaching-steuerberater\/seminare-kommunikation-steuerberater\/#primaryimage"},"thumbnailUrl":"https:\/\/erfolgsfaktor.de\/coaching-steuerberater\/wp-content\/uploads\/sites\/4\/2020\/09\/Seminare-fuer-Steuerberater.gif","datePublished":"2020-09-18T11:34:09+00:00","dateModified":"2020-09-23T06:39:19+00:00","description":"Seminare Kommunikation f\u00fcr Steuerberater und Wirtschaftspr\u00fcfer, Kommunikationstrainings, Gespr\u00e4chsf\u00fchrug, Schlagfertigkeit, Diplomatie","breadcrumb":{"@id":"https:\/\/erfolgsfaktor.de\/coaching-steuerberater\/seminare-kommunikation-steuerberater\/#breadcrumb"},"inLanguage":"de","potentialAction":[{"@type":"ReadAction","target":["https:\/\/erfolgsfaktor.de\/coaching-steuerberater\/seminare-kommunikation-steuerberater\/"]}]},{"@type":"ImageObject","inLanguage":"de","@id":"https:\/\/erfolgsfaktor.de\/coaching-steuerberater\/seminare-kommunikation-steuerberater\/#primaryimage","url":"https:\/\/erfolgsfaktor.de\/coaching-steuerberater\/wp-content\/uploads\/sites\/4\/2020\/09\/Seminare-fuer-Steuerberater.gif","contentUrl":"https:\/\/erfolgsfaktor.de\/coaching-steuerberater\/wp-content\/uploads\/sites\/4\/2020\/09\/Seminare-fuer-Steuerberater.gif","width":200,"height":200,"caption":"Seminare f\u00fcr Steuerberater"},{"@type":"BreadcrumbList","@id":"https:\/\/erfolgsfaktor.de\/coaching-steuerberater\/seminare-kommunikation-steuerberater\/#breadcrumb","itemListElement":[{"@type":"ListItem","position":1,"name":"Startseite","item":"https:\/\/erfolgsfaktor.de\/coaching-steuerberater\/"},{"@type":"ListItem","position":2,"name":"Seminare Kommunikation Steuerberater"}]},{"@type":"WebSite","@id":"https:\/\/erfolgsfaktor.de\/coaching-steuerberater\/#website","url":"https:\/\/erfolgsfaktor.de\/coaching-steuerberater\/","name":"Coaching Steuerberater","description":"Erfolgsfaktor Coaching","potentialAction":[{"@type":"SearchAction","target":{"@type":"EntryPoint","urlTemplate":"https:\/\/erfolgsfaktor.de\/coaching-steuerberater\/?s={search_term_string}"},"query-input":{"@type":"PropertyValueSpecification","valueRequired":true,"valueName":"search_term_string"}}],"inLanguage":"de"}]}},"_links":{"self":[{"href":"https:\/\/erfolgsfaktor.de\/coaching-steuerberater\/wp-json\/wp\/v2\/pages\/179","targetHints":{"allow":["GET"]}}],"collection":[{"href":"https:\/\/erfolgsfaktor.de\/coaching-steuerberater\/wp-json\/wp\/v2\/pages"}],"about":[{"href":"https:\/\/erfolgsfaktor.de\/coaching-steuerberater\/wp-json\/wp\/v2\/types\/page"}],"author":[{"embeddable":true,"href":"https:\/\/erfolgsfaktor.de\/coaching-steuerberater\/wp-json\/wp\/v2\/users\/1"}],"replies":[{"embeddable":true,"href":"https:\/\/erfolgsfaktor.de\/coaching-steuerberater\/wp-json\/wp\/v2\/comments?post=179"}],"version-history":[{"count":10,"href":"https:\/\/erfolgsfaktor.de\/coaching-steuerberater\/wp-json\/wp\/v2\/pages\/179\/revisions"}],"predecessor-version":[{"id":299,"href":"https:\/\/erfolgsfaktor.de\/coaching-steuerberater\/wp-json\/wp\/v2\/pages\/179\/revisions\/299"}],"wp:featuredmedia":[{"embeddable":true,"href":"https:\/\/erfolgsfaktor.de\/coaching-steuerberater\/wp-json\/wp\/v2\/media\/180"}],"wp:attachment":[{"href":"https:\/\/erfolgsfaktor.de\/coaching-steuerberater\/wp-json\/wp\/v2\/media?parent=179"}],"curies":[{"name":"wp","href":"https:\/\/api.w.org\/{rel}","templated":true}]}}