{"id":651,"date":"2020-11-19T10:19:44","date_gmt":"2020-11-19T09:19:44","guid":{"rendered":"https:\/\/erfolgsfaktor.de\/coaching-geschaeftsfuehrer\/?page_id=651"},"modified":"2023-07-06T11:00:45","modified_gmt":"2023-07-06T09:00:45","slug":"coachingthemen-nutzen","status":"publish","type":"page","link":"https:\/\/erfolgsfaktor.de\/coaching-geschaeftsfuehrer\/coachingthemen-nutzen\/","title":{"rendered":"Coachingthemen Nutzen"},"content":{"rendered":"\n<p><strong>Der Nutzen unserer Coachingthemen liegt f\u00fcr Gesch\u00e4ftsf\u00fchrer, Inhaber, CEOs und F\u00fchrungskr\u00e4fte in dem unmittelbaren, individuellen psychologischen Feedback, klar nutzbaren Ans\u00e4tzen, Vorgehensweisen und L\u00f6sungen die f\u00fcr Ihre Situation und Ihr Unternehmen passen. <\/strong><\/p>\n\n\n\n<p>Je nach Person, Situation, den beteiligten Mitarbeitern, Gesch\u00e4ftspartnern und Stakeholdern erarbeiten wir mit Ihnen gemeinsam praktikable Ans\u00e4tze. Wir nutzen f\u00fcr Sie individuell gestaltet Werkzeuge und Ans\u00e4tze direkt bezogen auf Ihre Person und Situation.<\/p>\n\n\n\n<figure class=\"wp-block-embed is-type-wp-embed is-provider-coaching-geschaftsfuhrer wp-block-embed-coaching-geschaftsfuhrer\"><div class=\"wp-block-embed__wrapper\">\n<blockquote class=\"wp-embedded-content\" data-secret=\"VQAy9H3X2e\"><a href=\"https:\/\/erfolgsfaktor.de\/coaching-geschaeftsfuehrer\/coaching-fuer-geschaeftsfuehrer-und-geschaeftsfuehrerin\/\">Coaching f\u00fcr Gesch\u00e4ftsf\u00fchrer und Gesch\u00e4ftsf\u00fchrerin<\/a><\/blockquote><iframe loading=\"lazy\" class=\"wp-embedded-content\" sandbox=\"allow-scripts\" security=\"restricted\" style=\"position: absolute; clip: rect(1px, 1px, 1px, 1px);\" title=\"&#8222;Coaching f\u00fcr Gesch\u00e4ftsf\u00fchrer und Gesch\u00e4ftsf\u00fchrerin&#8220; &#8212; Coaching Gesch\u00e4ftsf\u00fchrer\" src=\"https:\/\/erfolgsfaktor.de\/coaching-geschaeftsfuehrer\/coaching-fuer-geschaeftsfuehrer-und-geschaeftsfuehrerin\/embed\/#?secret=LqUsdy7CQ1#?secret=VQAy9H3X2e\" data-secret=\"VQAy9H3X2e\" width=\"600\" height=\"338\" frameborder=\"0\" marginwidth=\"0\" marginheight=\"0\" scrolling=\"no\"><\/iframe>\n<\/div><\/figure>\n\n\n\n<p>Mein Schwerpunkt ist das fokussierte&nbsp;<a href=\"https:\/\/erfolgsfaktor.de\/coaching-geschaeftsfuehrer\/coaching-fuer-geschaeftsfuehrer-und-geschaeftsfuehrerin\/\">Coaching f\u00fcr Gesch\u00e4ftsf\u00fchrer und Gesch\u00e4ftsf\u00fchrerin<\/a>. Gerne stehe ich Ihnen gemeinsam mit&nbsp;<a href=\"https:\/\/www.mto-consulting.de\/Coaching-Aschaffenburg.htm\">Coaching Aschaffenburg<\/a>&nbsp;f\u00fcr Feedback, pers\u00f6nliches Training, Fragen und einen ersten Termin zur Verf\u00fcgung. Ihr Dipl.-Psych. J\u00fcrgen Junker. Mehr Infos unter:&nbsp;<a href=\"https:\/\/www.mto-consulting.de\/Coaching.htm\">https:\/\/www.mto-consulting.de\/Coaching.htm<\/a>.<\/p>\n\n\n\n<h2 class=\"wp-block-heading\">Coachingthemen Nutzen<\/h2>\n\n\n\n<ul class=\"wp-block-list\">\n<li><a href=\"#Businessnutzen\">Businessnutzen<\/a><\/li>\n\n\n\n<li><a href=\"#Personalnutzen\">Personalnutzen<\/a><\/li>\n\n\n\n<li><a href=\"#Salesnutzen\">Salesnutzen<\/a><\/li>\n\n\n\n<li><a href=\"#Persoenlicher-Nutzen\">Pers\u00f6nlicher Nutzen<\/a><\/li>\n\n\n\n<li><a href=\"#Persoenlichkeit-Nutzen\">Pers\u00f6nlichkeits-Nutzen<\/a><\/li>\n\n\n\n<li><a href=\"#Nutzen-Geschaeftsfuehrer\">Gesch\u00e4ftsf\u00fchrer-Nutzen<\/a><\/li>\n<\/ul>\n\n\n\n<div class=\"wp-block-cover alignfull has-neve-link-color-background-color has-background-dim\"><span aria-hidden=\"true\" class=\"wp-block-cover__background has-neve-link-color-background-color has-background-dim-100 has-background-dim\"><\/span><div class=\"wp-block-cover__inner-container is-layout-flow wp-block-cover-is-layout-flow\">\n<figure class=\"wp-block-pullquote has-neve-link-color-color has-nv-site-bg-background-color has-text-color has-background\"><blockquote><p>klarer Nutzen f\u00fcr das Business <br>und Mehrwert f\u00fcr mich<\/p><\/blockquote><\/figure>\n<\/div><\/div>\n\n\n\n<h2 class=\"wp-block-heading\">Coachingthemen Nutzen<\/h2>\n\n\n\n<div class=\"wp-block-columns is-layout-flex wp-container-core-columns-is-layout-1 wp-block-columns-is-layout-flex\">\n<div class=\"wp-block-column is-layout-flow wp-block-column-is-layout-flow\">\n<h3 class=\"wp-block-heading\" id=\"Businessnutzen\">Business<\/h3>\n\n\n\n<figure class=\"wp-block-image size-large\"><img loading=\"lazy\" decoding=\"async\" width=\"200\" height=\"200\" src=\"https:\/\/erfolgsfaktor.de\/coaching-geschaeftsfuehrer\/wp-content\/uploads\/sites\/5\/2020\/11\/Coaching-Coachingthemen-Business.gif\" alt=\"Coaching Coachingthemen Business\" class=\"wp-image-606\"\/><\/figure>\n\n\n\n<ul class=\"wp-block-list\">\n<li><a href=\"https:\/\/erfolgsfaktor.de\/coaching-geschaeftsfuehrer\/coachingthemen-business\/#Wettbewerbsstrategie\">die bestm\u00f6gliche Wettbewerbsstrategie finden<\/a><\/li>\n\n\n\n<li><a href=\"https:\/\/erfolgsfaktor.de\/coaching-geschaeftsfuehrer\/coachingthemen-business\/#besser\">Spitzenleistung erreichen und in allen Bereichen besser werden<\/a><\/li>\n\n\n\n<li><a href=\"https:\/\/erfolgsfaktor.de\/coaching-geschaeftsfuehrer\/coachingthemen-business\/#Engagement\">hohes Engagement der Mitarbeiter aufbauen, st\u00e4rken und halten<\/a> <\/li>\n\n\n\n<li><a href=\"https:\/\/erfolgsfaktor.de\/coaching-geschaeftsfuehrer\/coachingthemen-business\/#Entrepreneurship\">Entrepreneurship erm\u00f6glichen, ausbauen und st\u00e4rken<\/a><\/li>\n\n\n\n<li><a href=\"https:\/\/erfolgsfaktor.de\/coaching-geschaeftsfuehrer\/coachingthemen-business\/#oekologisch\">das Unternehmen \u00f6kologisch und nachhaltig machen<\/a><\/li>\n\n\n\n<li><a href=\"https:\/\/erfolgsfaktor.de\/coaching-geschaeftsfuehrer\/coachingthemen-business\/#innovativ\">Innovativ zu neuen Produkten, Prozessen und Ideen<\/a><\/li>\n<\/ul>\n<\/div>\n\n\n\n<div class=\"wp-block-column is-layout-flow wp-block-column-is-layout-flow\">\n<h3 class=\"wp-block-heading\" id=\"Personalnutzen\">Personal<\/h3>\n\n\n\n<figure class=\"wp-block-image size-large\"><img loading=\"lazy\" decoding=\"async\" width=\"200\" height=\"200\" src=\"https:\/\/erfolgsfaktor.de\/coaching-geschaeftsfuehrer\/wp-content\/uploads\/sites\/5\/2020\/11\/Coaching-Personal-Situation.gif\" alt=\"Coachingthemen Personal\" class=\"wp-image-603\"\/><\/figure>\n\n\n\n<ul class=\"wp-block-list\">\n<li><a href=\"https:\/\/erfolgsfaktor.de\/coaching-geschaeftsfuehrer\/coachingthemen-personal\/#personal-finden\">das richtige Personal finden, ausw\u00e4hlen und entwickeln<\/a><\/li>\n\n\n\n<li><a href=\"https:\/\/erfolgsfaktor.de\/coaching-geschaeftsfuehrer\/coachingthemen-personal\/#mitarbeiter-binden\">gute Mitarbeiter und Leistungstr\u00e4ger an das Unternehmen binden<\/a><\/li>\n\n\n\n<li><a href=\"https:\/\/erfolgsfaktor.de\/coaching-geschaeftsfuehrer\/coachingthemen-personal\/#team-werden\">Wir-Gef\u00fchl und Teamgeist st\u00e4rken, zum Team werden<\/a><\/li>\n\n\n\n<li><a href=\"https:\/\/erfolgsfaktor.de\/coaching-geschaeftsfuehrer\/coachingthemen-personal\/#rollendesign\">Rollen + Funktionen optimal  gestalten und so Mehrleistung erm\u00f6glichen<\/a><\/li>\n<\/ul>\n<\/div>\n<\/div>\n\n\n\n<div class=\"wp-block-columns is-layout-flex wp-container-core-columns-is-layout-2 wp-block-columns-is-layout-flex\">\n<div class=\"wp-block-column is-layout-flow wp-block-column-is-layout-flow\">\n<h3 class=\"wp-block-heading\" id=\"Salesnutzen\">Sales<\/h3>\n\n\n\n<figure class=\"wp-block-image size-large\"><img loading=\"lazy\" decoding=\"async\" width=\"200\" height=\"200\" src=\"https:\/\/erfolgsfaktor.de\/coaching-geschaeftsfuehrer\/wp-content\/uploads\/sites\/5\/2020\/11\/Coaching-Sales.gif\" alt=\"Coachingthemen Sales Coaching Sales und Vertrieb\" class=\"wp-image-619\"\/><\/figure>\n\n\n\n<ul class=\"wp-block-list\">\n<li><a href=\"https:\/\/erfolgsfaktor.de\/coaching-geschaeftsfuehrer\/coachingthemen-sales\/#Neukundengewinnung\">Neue Kunden finden, Zielgruppen ausbauen und die Neukundengewinnung st\u00e4rken<\/a><\/li>\n\n\n\n<li><a href=\"https:\/\/erfolgsfaktor.de\/coaching-geschaeftsfuehrer\/coachingthemen-sales\/#Verkaufspsychologie\">Mit Verkaufspsychologie im Sales mehr erreichen<\/a><\/li>\n\n\n\n<li><a href=\"https:\/\/erfolgsfaktor.de\/coaching-geschaeftsfuehrer\/coachingthemen-sales\/#Einwandbehandlung\">die Enwandbehandlung verbessern, bessere Resultate im Salesprozess<\/a><\/li>\n<\/ul>\n<\/div>\n\n\n\n<div class=\"wp-block-column is-layout-flow wp-block-column-is-layout-flow\">\n<h3 class=\"wp-block-heading\" id=\"Persoenlicher-Nutzen\">Pers\u00f6nliche<\/h3>\n\n\n\n<figure class=\"wp-block-image size-large\"><img loading=\"lazy\" decoding=\"async\" width=\"200\" height=\"200\" src=\"https:\/\/erfolgsfaktor.de\/coaching-geschaeftsfuehrer\/wp-content\/uploads\/sites\/5\/2020\/11\/Coaching-persoenliche-Situation.gif\" alt=\"Coachingthemen Coaching pers\u00f6nliche Situation\" class=\"wp-image-594\"\/><\/figure>\n\n\n\n<ul class=\"wp-block-list\">\n<li><a href=\"https:\/\/erfolgsfaktor.de\/coaching-geschaeftsfuehrer\/coachingthemen-persoenliche-situation\/#selbstfuehrung\">Fokussierung und Konzentration auf das Richtige, klare Ausrichtung und Selbstf\u00fchrung<\/a><\/li>\n\n\n\n<li><a href=\"https:\/\/erfolgsfaktor.de\/coaching-geschaeftsfuehrer\/coachingthemen-persoenliche-situation\/#funktion-rolle\">Funktionen + Rollen klar definieren und optimieren<\/a><\/li>\n\n\n\n<li><a href=\"https:\/\/erfolgsfaktor.de\/coaching-geschaeftsfuehrer\/coachingthemen-persoenliche-situation\/#selbstmanagement-selbstcoaching\">mit Selbstmanagement + Selbstcoaching mehr umsetzen<\/a><\/li>\n\n\n\n<li><a href=\"https:\/\/erfolgsfaktor.de\/coaching-geschaeftsfuehrer\/coachingthemen-persoenliche-situation\/#Work-Life-Balance\">die Work-Life-Balance ausbauen<\/a><\/li>\n\n\n\n<li><a href=\"https:\/\/erfolgsfaktor.de\/coaching-geschaeftsfuehrer\/coachingthemen-persoenliche-situation\/#berufliche-Ziele\">berufliche Ziele stressfreier erreichen<\/a><\/li>\n\n\n\n<li><a href=\"https:\/\/erfolgsfaktor.de\/coaching-geschaeftsfuehrer\/coachingthemen-persoenliche-situation\/#persoenliche-Situation\">die pers\u00f6nliche Situation verbessern<\/a><\/li>\n<\/ul>\n<\/div>\n<\/div>\n\n\n\n<div class=\"wp-block-columns is-layout-flex wp-container-core-columns-is-layout-3 wp-block-columns-is-layout-flex\">\n<div class=\"wp-block-column is-layout-flow wp-block-column-is-layout-flow\"><\/div>\n<\/div>\n\n\n\n<div class=\"wp-block-cover alignfull has-neve-link-color-background-color has-background-dim\"><span aria-hidden=\"true\" class=\"wp-block-cover__background has-neve-link-color-background-color has-background-dim-100 has-background-dim\"><\/span><div class=\"wp-block-cover__inner-container is-layout-flow wp-block-cover-is-layout-flow\">\n<figure class=\"wp-block-pullquote has-neve-link-color-color has-nv-site-bg-background-color has-text-color has-background\"><blockquote><p>Nutzen f\u00fcr Start-Up und Wachstum<\/p><\/blockquote><\/figure>\n<\/div><\/div>\n\n\n\n<h2 class=\"wp-block-heading\" id=\"Nutzen-Geschaeftsfuehrer\">Coachingthemen Nutzen f\u00fcr Gesch\u00e4ftsf\u00fchrer<\/h2>\n\n\n\n<p>Der Nutzen in der <strong>Startup- und Wachstumsphase<\/strong> ist f\u00fcr Gesch\u00e4ftsf\u00fchrer, Vorstand oder Inhaber je nach <strong>Coachingbedarf sehr unterschiedlich<\/strong>. <\/p>\n\n\n\n<p>F\u00fcr viele Gesch\u00e4ftsf\u00fchrer und Gesch\u00e4ftsf\u00fchrerinnen ist es extrem wichtig, dass es schnell geht und der Coachingtermin zeitnah zu Ihrem Bedarf m\u00f6glich ist. Viele unserer Klienten und Klientinnen legen auch Wert auf direkt nutzbares Know-how und anwendbare Techniken.<\/p>\n\n\n\n<figure class=\"wp-block-embed is-type-wp-embed is-provider-coaching-geschaftsfuhrer wp-block-embed-coaching-geschaftsfuhrer\"><div class=\"wp-block-embed__wrapper\">\n<blockquote class=\"wp-embedded-content\" data-secret=\"tc7PjhuGOq\"><a href=\"https:\/\/erfolgsfaktor.de\/coaching-geschaeftsfuehrer\/fuehrung-fuer-geschaeftsfuehrer\/\">F\u00fchrung + Leadership Coaching f\u00fcr Gesch\u00e4ftsf\u00fchrer<\/a><\/blockquote><iframe loading=\"lazy\" class=\"wp-embedded-content\" sandbox=\"allow-scripts\" security=\"restricted\" style=\"position: absolute; clip: rect(1px, 1px, 1px, 1px);\" title=\"&#8222;F\u00fchrung + Leadership Coaching f\u00fcr Gesch\u00e4ftsf\u00fchrer&#8220; &#8212; Coaching Gesch\u00e4ftsf\u00fchrer\" src=\"https:\/\/erfolgsfaktor.de\/coaching-geschaeftsfuehrer\/fuehrung-fuer-geschaeftsfuehrer\/embed\/#?secret=lZ6SPKYLuw#?secret=tc7PjhuGOq\" data-secret=\"tc7PjhuGOq\" width=\"600\" height=\"338\" frameborder=\"0\" marginwidth=\"0\" marginheight=\"0\" scrolling=\"no\"><\/iframe>\n<\/div><\/figure>\n\n\n\n<p>Diskretion und Verschwiegenheit ist nicht nur bei pers\u00f6nlichen und individuellen Fragestellungen ein weiterer ganz zentraler Aspekt. <\/p>\n\n\n\n<div class=\"wp-block-columns is-layout-flex wp-container-core-columns-is-layout-4 wp-block-columns-is-layout-flex\">\n<div class=\"wp-block-column is-layout-flow wp-block-column-is-layout-flow\">\n<ul class=\"wp-block-list\">\n<li><a href=\"https:\/\/erfolgsfaktor.de\/coaching-geschaeftsfuehrer\/coaching-geschaeftsfuehrer-nutzen\/#Diskretion\">Diskretion + schnelle Unterst\u00fctzung<\/a><\/li>\n\n\n\n<li><a href=\"https:\/\/erfolgsfaktor.de\/coaching-geschaeftsfuehrer\/coaching-geschaeftsfuehrer-nutzen\/#Mehrwert\">Mehrwert f\u00fcr die Gesch\u00e4ftsf\u00fchrung<\/a><\/li>\n\n\n\n<li><a href=\"https:\/\/erfolgsfaktor.de\/coaching-geschaeftsfuehrer\/coaching-geschaeftsfuehrer-nutzen\/#Vorbereitung\">Vorbereitung f\u00fcr die Gesch\u00e4ftsleitung<\/a><\/li>\n\n\n\n<li><a href=\"https:\/\/erfolgsfaktor.de\/coaching-geschaeftsfuehrer\/coaching-geschaeftsfuehrer-nutzen\/#Nutzen\">Nutzen f\u00fcr die Gesch\u00e4ftsf\u00fchrung<\/a><\/li>\n\n\n\n<li><a href=\"https:\/\/erfolgsfaktor.de\/coaching-geschaeftsfuehrer\/coaching-geschaeftsfuehrer-nutzen\/#Coaching\">Coaching f\u00fcr die Gesch\u00e4ftsf\u00fchrung<\/a><\/li>\n<\/ul>\n<\/div>\n<\/div>\n\n\n\n<div class=\"wp-block-cover alignfull has-neve-link-color-background-color has-background-dim\"><span aria-hidden=\"true\" class=\"wp-block-cover__background has-neve-link-color-background-color has-background-dim-100 has-background-dim\"><\/span><div class=\"wp-block-cover__inner-container is-layout-flow wp-block-cover-is-layout-flow\">\n<figure class=\"wp-block-pullquote has-neve-link-color-color has-nv-site-bg-background-color has-text-color has-background\"><blockquote><p><a href=\"https:\/\/www.mto-consulting.de\/Coaching.htm\">alle mto-consulting Coachings<\/a><br><a href=\"https:\/\/www.mto-consulting.de\/Coaching.htm\">in der \u00dcbersicht<\/a><\/p><\/blockquote><\/figure>\n<\/div><\/div>\n\n\n\n<p><\/p>\n","protected":false},"excerpt":{"rendered":"<p>Der Nutzen unserer Coachingthemen liegt f\u00fcr Gesch\u00e4ftsf\u00fchrer, Inhaber, CEOs und F\u00fchrungskr\u00e4fte in dem unmittelbaren, individuellen psychologischen Feedback, klar nutzbaren Ans\u00e4tzen, Vorgehensweisen und L\u00f6sungen die f\u00fcr Ihre Situation und Ihr Unternehmen passen. Je nach Person, Situation, den beteiligten Mitarbeitern, Gesch\u00e4ftspartnern und Stakeholdern erarbeiten wir mit Ihnen gemeinsam praktikable Ans\u00e4tze. Wir nutzen f\u00fcr Sie individuell gestaltet Werkzeuge&hellip;&nbsp;<a href=\"https:\/\/erfolgsfaktor.de\/coaching-geschaeftsfuehrer\/coachingthemen-nutzen\/\" rel=\"bookmark\">Weiterlesen &raquo;<span class=\"screen-reader-text\">Coachingthemen Nutzen<\/span><\/a><\/p>\n","protected":false},"author":1,"featured_media":22,"parent":0,"menu_order":0,"comment_status":"closed","ping_status":"closed","template":"","meta":{"neve_meta_sidebar":"","neve_meta_container":"","neve_meta_enable_content_width":"","neve_meta_content_width":0,"neve_meta_title_alignment":"","neve_meta_author_avatar":"","neve_post_elements_order":"","neve_meta_disable_header":"","neve_meta_disable_footer":"","neve_meta_disable_title":"","footnotes":""},"class_list":["post-651","page","type-page","status-publish","has-post-thumbnail","hentry"],"yoast_head":"<!-- This site is optimized with the Yoast SEO plugin v26.8 - https:\/\/yoast.com\/product\/yoast-seo-wordpress\/ -->\n<title>Coachingthemen Nutzen - Coaching Gesch\u00e4ftsf\u00fchrer<\/title>\n<meta name=\"description\" content=\"Coachingthemen Nutzen des Coaching f\u00fcr Gesch\u00e4ftsf\u00fchrer, Inhaber + CEO, Onlinecoaching f\u00fcr Gesch\u00e4ftsf\u00fchrer, diskretes Coaching hoher Nutzen\" \/>\n<meta name=\"robots\" content=\"index, follow, max-snippet:-1, max-image-preview:large, max-video-preview:-1\" \/>\n<link rel=\"canonical\" href=\"https:\/\/erfolgsfaktor.de\/coaching-geschaeftsfuehrer\/coachingthemen-nutzen\/\" \/>\n<meta property=\"og:locale\" content=\"de_DE\" \/>\n<meta property=\"og:type\" content=\"article\" \/>\n<meta property=\"og:title\" content=\"Coachingthemen Nutzen - Coaching Gesch\u00e4ftsf\u00fchrer\" \/>\n<meta property=\"og:description\" content=\"Coachingthemen Nutzen des Coaching f\u00fcr Gesch\u00e4ftsf\u00fchrer, Inhaber + CEO, Onlinecoaching f\u00fcr Gesch\u00e4ftsf\u00fchrer, diskretes Coaching hoher Nutzen\" \/>\n<meta property=\"og:url\" content=\"https:\/\/erfolgsfaktor.de\/coaching-geschaeftsfuehrer\/coachingthemen-nutzen\/\" \/>\n<meta property=\"og:site_name\" content=\"Coaching Gesch\u00e4ftsf\u00fchrer\" \/>\n<meta property=\"article:modified_time\" content=\"2023-07-06T09:00:45+00:00\" \/>\n<meta property=\"og:image\" content=\"https:\/\/erfolgsfaktor.de\/coaching-geschaeftsfuehrer\/wp-content\/uploads\/sites\/5\/2020\/09\/Coaching-fuer-Geschaeftsfuehrer.gif\" \/>\n\t<meta property=\"og:image:width\" content=\"200\" \/>\n\t<meta property=\"og:image:height\" content=\"200\" \/>\n\t<meta property=\"og:image:type\" content=\"image\/gif\" \/>\n<meta name=\"twitter:card\" content=\"summary_large_image\" \/>\n<meta name=\"twitter:label1\" content=\"Gesch\u00e4tzte Lesezeit\" \/>\n\t<meta name=\"twitter:data1\" content=\"3\u00a0Minuten\" \/>\n<script type=\"application\/ld+json\" class=\"yoast-schema-graph\">{\"@context\":\"https:\/\/schema.org\",\"@graph\":[{\"@type\":\"WebPage\",\"@id\":\"https:\/\/erfolgsfaktor.de\/coaching-geschaeftsfuehrer\/coachingthemen-nutzen\/\",\"url\":\"https:\/\/erfolgsfaktor.de\/coaching-geschaeftsfuehrer\/coachingthemen-nutzen\/\",\"name\":\"Coachingthemen Nutzen - Coaching Gesch\u00e4ftsf\u00fchrer\",\"isPartOf\":{\"@id\":\"https:\/\/erfolgsfaktor.de\/coaching-geschaeftsfuehrer\/#website\"},\"primaryImageOfPage\":{\"@id\":\"https:\/\/erfolgsfaktor.de\/coaching-geschaeftsfuehrer\/coachingthemen-nutzen\/#primaryimage\"},\"image\":{\"@id\":\"https:\/\/erfolgsfaktor.de\/coaching-geschaeftsfuehrer\/coachingthemen-nutzen\/#primaryimage\"},\"thumbnailUrl\":\"https:\/\/erfolgsfaktor.de\/coaching-geschaeftsfuehrer\/wp-content\/uploads\/sites\/5\/2020\/09\/Coaching-fuer-Geschaeftsfuehrer.gif\",\"datePublished\":\"2020-11-19T09:19:44+00:00\",\"dateModified\":\"2023-07-06T09:00:45+00:00\",\"description\":\"Coachingthemen Nutzen des Coaching f\u00fcr Gesch\u00e4ftsf\u00fchrer, Inhaber + CEO, Onlinecoaching f\u00fcr Gesch\u00e4ftsf\u00fchrer, diskretes Coaching hoher Nutzen\",\"breadcrumb\":{\"@id\":\"https:\/\/erfolgsfaktor.de\/coaching-geschaeftsfuehrer\/coachingthemen-nutzen\/#breadcrumb\"},\"inLanguage\":\"de\",\"potentialAction\":[{\"@type\":\"ReadAction\",\"target\":[\"https:\/\/erfolgsfaktor.de\/coaching-geschaeftsfuehrer\/coachingthemen-nutzen\/\"]}]},{\"@type\":\"ImageObject\",\"inLanguage\":\"de\",\"@id\":\"https:\/\/erfolgsfaktor.de\/coaching-geschaeftsfuehrer\/coachingthemen-nutzen\/#primaryimage\",\"url\":\"https:\/\/erfolgsfaktor.de\/coaching-geschaeftsfuehrer\/wp-content\/uploads\/sites\/5\/2020\/09\/Coaching-fuer-Geschaeftsfuehrer.gif\",\"contentUrl\":\"https:\/\/erfolgsfaktor.de\/coaching-geschaeftsfuehrer\/wp-content\/uploads\/sites\/5\/2020\/09\/Coaching-fuer-Geschaeftsfuehrer.gif\",\"width\":200,\"height\":200,\"caption\":\"Coaching f\u00fcr Gesch\u00e4ftsf\u00fchrer\"},{\"@type\":\"BreadcrumbList\",\"@id\":\"https:\/\/erfolgsfaktor.de\/coaching-geschaeftsfuehrer\/coachingthemen-nutzen\/#breadcrumb\",\"itemListElement\":[{\"@type\":\"ListItem\",\"position\":1,\"name\":\"Startseite\",\"item\":\"https:\/\/erfolgsfaktor.de\/coaching-geschaeftsfuehrer\/\"},{\"@type\":\"ListItem\",\"position\":2,\"name\":\"Coachingthemen Nutzen\"}]},{\"@type\":\"WebSite\",\"@id\":\"https:\/\/erfolgsfaktor.de\/coaching-geschaeftsfuehrer\/#website\",\"url\":\"https:\/\/erfolgsfaktor.de\/coaching-geschaeftsfuehrer\/\",\"name\":\"Coaching Gesch\u00e4ftsf\u00fchrer\",\"description\":\"Erfolgsfaktor Coaching\",\"potentialAction\":[{\"@type\":\"SearchAction\",\"target\":{\"@type\":\"EntryPoint\",\"urlTemplate\":\"https:\/\/erfolgsfaktor.de\/coaching-geschaeftsfuehrer\/?s={search_term_string}\"},\"query-input\":{\"@type\":\"PropertyValueSpecification\",\"valueRequired\":true,\"valueName\":\"search_term_string\"}}],\"inLanguage\":\"de\"}]}<\/script>\n<!-- \/ Yoast SEO plugin. -->","yoast_head_json":{"title":"Coachingthemen Nutzen - Coaching Gesch\u00e4ftsf\u00fchrer","description":"Coachingthemen Nutzen des Coaching f\u00fcr Gesch\u00e4ftsf\u00fchrer, Inhaber + CEO, Onlinecoaching f\u00fcr Gesch\u00e4ftsf\u00fchrer, diskretes Coaching hoher Nutzen","robots":{"index":"index","follow":"follow","max-snippet":"max-snippet:-1","max-image-preview":"max-image-preview:large","max-video-preview":"max-video-preview:-1"},"canonical":"https:\/\/erfolgsfaktor.de\/coaching-geschaeftsfuehrer\/coachingthemen-nutzen\/","og_locale":"de_DE","og_type":"article","og_title":"Coachingthemen Nutzen - Coaching Gesch\u00e4ftsf\u00fchrer","og_description":"Coachingthemen Nutzen des Coaching f\u00fcr Gesch\u00e4ftsf\u00fchrer, Inhaber + CEO, Onlinecoaching f\u00fcr Gesch\u00e4ftsf\u00fchrer, diskretes Coaching hoher Nutzen","og_url":"https:\/\/erfolgsfaktor.de\/coaching-geschaeftsfuehrer\/coachingthemen-nutzen\/","og_site_name":"Coaching Gesch\u00e4ftsf\u00fchrer","article_modified_time":"2023-07-06T09:00:45+00:00","og_image":[{"width":200,"height":200,"url":"https:\/\/erfolgsfaktor.de\/coaching-geschaeftsfuehrer\/wp-content\/uploads\/sites\/5\/2020\/09\/Coaching-fuer-Geschaeftsfuehrer.gif","type":"image\/gif"}],"twitter_card":"summary_large_image","twitter_misc":{"Gesch\u00e4tzte Lesezeit":"3\u00a0Minuten"},"schema":{"@context":"https:\/\/schema.org","@graph":[{"@type":"WebPage","@id":"https:\/\/erfolgsfaktor.de\/coaching-geschaeftsfuehrer\/coachingthemen-nutzen\/","url":"https:\/\/erfolgsfaktor.de\/coaching-geschaeftsfuehrer\/coachingthemen-nutzen\/","name":"Coachingthemen Nutzen - Coaching Gesch\u00e4ftsf\u00fchrer","isPartOf":{"@id":"https:\/\/erfolgsfaktor.de\/coaching-geschaeftsfuehrer\/#website"},"primaryImageOfPage":{"@id":"https:\/\/erfolgsfaktor.de\/coaching-geschaeftsfuehrer\/coachingthemen-nutzen\/#primaryimage"},"image":{"@id":"https:\/\/erfolgsfaktor.de\/coaching-geschaeftsfuehrer\/coachingthemen-nutzen\/#primaryimage"},"thumbnailUrl":"https:\/\/erfolgsfaktor.de\/coaching-geschaeftsfuehrer\/wp-content\/uploads\/sites\/5\/2020\/09\/Coaching-fuer-Geschaeftsfuehrer.gif","datePublished":"2020-11-19T09:19:44+00:00","dateModified":"2023-07-06T09:00:45+00:00","description":"Coachingthemen Nutzen des Coaching f\u00fcr Gesch\u00e4ftsf\u00fchrer, Inhaber + CEO, Onlinecoaching f\u00fcr Gesch\u00e4ftsf\u00fchrer, diskretes Coaching hoher Nutzen","breadcrumb":{"@id":"https:\/\/erfolgsfaktor.de\/coaching-geschaeftsfuehrer\/coachingthemen-nutzen\/#breadcrumb"},"inLanguage":"de","potentialAction":[{"@type":"ReadAction","target":["https:\/\/erfolgsfaktor.de\/coaching-geschaeftsfuehrer\/coachingthemen-nutzen\/"]}]},{"@type":"ImageObject","inLanguage":"de","@id":"https:\/\/erfolgsfaktor.de\/coaching-geschaeftsfuehrer\/coachingthemen-nutzen\/#primaryimage","url":"https:\/\/erfolgsfaktor.de\/coaching-geschaeftsfuehrer\/wp-content\/uploads\/sites\/5\/2020\/09\/Coaching-fuer-Geschaeftsfuehrer.gif","contentUrl":"https:\/\/erfolgsfaktor.de\/coaching-geschaeftsfuehrer\/wp-content\/uploads\/sites\/5\/2020\/09\/Coaching-fuer-Geschaeftsfuehrer.gif","width":200,"height":200,"caption":"Coaching f\u00fcr Gesch\u00e4ftsf\u00fchrer"},{"@type":"BreadcrumbList","@id":"https:\/\/erfolgsfaktor.de\/coaching-geschaeftsfuehrer\/coachingthemen-nutzen\/#breadcrumb","itemListElement":[{"@type":"ListItem","position":1,"name":"Startseite","item":"https:\/\/erfolgsfaktor.de\/coaching-geschaeftsfuehrer\/"},{"@type":"ListItem","position":2,"name":"Coachingthemen Nutzen"}]},{"@type":"WebSite","@id":"https:\/\/erfolgsfaktor.de\/coaching-geschaeftsfuehrer\/#website","url":"https:\/\/erfolgsfaktor.de\/coaching-geschaeftsfuehrer\/","name":"Coaching Gesch\u00e4ftsf\u00fchrer","description":"Erfolgsfaktor Coaching","potentialAction":[{"@type":"SearchAction","target":{"@type":"EntryPoint","urlTemplate":"https:\/\/erfolgsfaktor.de\/coaching-geschaeftsfuehrer\/?s={search_term_string}"},"query-input":{"@type":"PropertyValueSpecification","valueRequired":true,"valueName":"search_term_string"}}],"inLanguage":"de"}]}},"_links":{"self":[{"href":"https:\/\/erfolgsfaktor.de\/coaching-geschaeftsfuehrer\/wp-json\/wp\/v2\/pages\/651","targetHints":{"allow":["GET"]}}],"collection":[{"href":"https:\/\/erfolgsfaktor.de\/coaching-geschaeftsfuehrer\/wp-json\/wp\/v2\/pages"}],"about":[{"href":"https:\/\/erfolgsfaktor.de\/coaching-geschaeftsfuehrer\/wp-json\/wp\/v2\/types\/page"}],"author":[{"embeddable":true,"href":"https:\/\/erfolgsfaktor.de\/coaching-geschaeftsfuehrer\/wp-json\/wp\/v2\/users\/1"}],"replies":[{"embeddable":true,"href":"https:\/\/erfolgsfaktor.de\/coaching-geschaeftsfuehrer\/wp-json\/wp\/v2\/comments?post=651"}],"version-history":[{"count":4,"href":"https:\/\/erfolgsfaktor.de\/coaching-geschaeftsfuehrer\/wp-json\/wp\/v2\/pages\/651\/revisions"}],"predecessor-version":[{"id":934,"href":"https:\/\/erfolgsfaktor.de\/coaching-geschaeftsfuehrer\/wp-json\/wp\/v2\/pages\/651\/revisions\/934"}],"wp:featuredmedia":[{"embeddable":true,"href":"https:\/\/erfolgsfaktor.de\/coaching-geschaeftsfuehrer\/wp-json\/wp\/v2\/media\/22"}],"wp:attachment":[{"href":"https:\/\/erfolgsfaktor.de\/coaching-geschaeftsfuehrer\/wp-json\/wp\/v2\/media?parent=651"}],"curies":[{"name":"wp","href":"https:\/\/api.w.org\/{rel}","templated":true}]}}